000
CDAK48 PAKN 280927
CLIAKN

CLIMATE REPORT
NATIONAL WEATHER SERVICE KING SALMON, AK
127 AM AKDT TUE APR 28 2015

...................................
...THE KING SALMON AP CLIMATE SUMMARY FOR APRIL 27 2015...

CLIMATE NORMAL PERIOD  1981 TO  2010
CLIMATE RECORD PERIOD  1917 TO  2015

WEATHER ITEM   OBSERVED TIME    RECORD YEAR NORMAL DEPARTURE LAST
               VALUE    (LST)   VALUE       VALUE  FROM      YEAR
                                                   NORMAL
...................................................................
TEMPERATURE
YESTERDAY
 MAXIMUM            55  0534 PM    61  2012     47       8     56
 MINIMUM            29  0607 AM     8  1975     29       0     37
 AVERAGE            42                          38       4     47

PRECIPITATION
(INCHES)
 YESTERDAY           T           0.54  1933   0.03   -0.03   0.00
 MONTH TO DATE    2.18                        0.86    1.32   0.52
 SINCE MAR 1      3.13                        1.56    1.57   1.28
 SINCE JAN 1      3.92                        3.34    0.58   3.09

SNOWFALL
(INCHES)
 YESTERDAY         0.0            2.0  1963    0.1    -0.1    0.0
 MONTH TO DATE    12.1                         3.7     8.4    0.5
 SINCE MAR 1      12.4                        10.1     2.3    9.3
 SINCE JUL 1      26.1                        45.6   -19.5   36.0
 SNOW DEPTH (IN)     0                                          0

DEGREE DAYS
 HEATING
  YESTERDAY         23                          27      -4     18
  MONTH TO DATE    796                         862     -66    734
  SINCE MAR 1     1859                        2127    -268   1983
  SINCE JUL 1     8056                        9745   -1689   8343

 COOLING
  YESTERDAY          0                           0       0      0
  MONTH TO DATE      0                           0       0      0
  SINCE MAR 1        0                           0       0      0
  SINCE JAN 1        0                           0       0      0
...................................................................

WIND (MPH)
 HIGHEST WIND SPEED    18     HIGHEST WIND DIRECTION    180
 HIGHEST GUST SPEED    22     HIGHEST GUST DIRECTION    180
 AVERAGE WIND SPEED   7.4

SKY COVER
  POSSIBLE SUNSHINE    MM          AVERAGE SKY COVER     MM

WEATHER CONDITIONS
 THE FOLLOWING WEATHER WAS RECORDED YESTERDAY.
  RAIN


RELATIVE HUMIDITY
 HIGHEST RH     MM PERCENT       MM
 LOWEST  RH     MM PERCENT       MM
 AVERAGE RH     MM PERCENT       MM
...................................................................

THE KING SALMON CLIMATE NORMALS FOR TODAY
                           NORMAL    RECORD   YEAR
 MAXIMUM TEMPERATURE (F)     48        68     2005
 MINIMUM TEMPERATURE (F)     30         8     1975

SUNRISE AND SUNSET
 APR 28 2015..........SUNRISE  6:39 AM      SUNSET 10:12 PM
 APR 29 2015..........SUNRISE  6:37 AM      SUNSET 10:14 PM

-  INDICATES NEGATIVE NUMBERS.
R  INDICATES RECORD HAS BEEN SET OR TIED.
MM INDICATES DATA IS MISSING.
T  INDICATES TRACE OF PRECIPITATION.

&&
-------------------------------------------------------------------

AMOUNT OF DAYLIGHT TODAY  (HOUR:MIN)........15 HOURS 33 MINUTES
GAIN/LOSS SINCE YESTERDAY (HOUR:MIN:SEC)....+0:04:56

$$
FS APR 15
