000
CDUS44 KBMX 030639
CLIANB


CLIMATE REPORT
NATIONAL WEATHER SERVICE BIRMINGHAM, AL
139 AM CDT SUN MAY 3 2015


...................................

...THE ANNISTON CLIMATE SUMMARY FOR MAY 2 2015...

CLIMATE NORMAL PERIOD 1981 TO 2010
CLIMATE RECORD PERIOD 1903 TO 2015


WEATHER ITEM   OBSERVED TIME   RECORD YEAR NORMAL DEPARTURE LAST
                VALUE   (LST)  VALUE       VALUE  FROM      YEAR
                                                  NORMAL
..................................................................
TEMPERATURE (F)
 YESTERDAY
  MAXIMUM         78    315 PM  92    1959  78      0       72
  MINIMUM         45    509 AM  36    1903  54     -9       50
  AVERAGE         62                        66     -4       61

PRECIPITATION (IN)
  YESTERDAY        0.00          1.63 1964   0.15  -0.15     0.00
  MONTH TO DATE    0.00                      0.29  -0.29     0.00
  SINCE MAR 1     13.83                      9.36   4.47    13.26
  SINCE JAN 1     21.99                     18.96   3.03    20.42

SNOWFALL (IN)
  YESTERDAY        0.0                       0.0             0.0
  MONTH TO DATE    0.0                       0.0             0.0
  SINCE MAR 1      T                         0.9             0.0
  SINCE JUL 1      T                         2.0             2.3

DEGREE DAYS
 HEATING
  YESTERDAY        3
  MONTH TO DATE    9
  SINCE MAR 1    317
  SINCE JUL 1   2838
..................................................................


WIND (MPH)
  HIGHEST WIND SPEED    10   HIGHEST WIND DIRECTION    SW (240)
  HIGHEST GUST SPEED    12   HIGHEST GUST DIRECTION    SW (240)
  AVERAGE WIND SPEED     2.4


SKY COVER
  AVERAGE SKY COVER 0.0


WEATHER CONDITIONS
 THE FOLLOWING WEATHER WAS RECORDED YESTERDAY.
  FOG


RELATIVE HUMIDITY (PERCENT)
 HIGHEST    93
 LOWEST     33
 AVERAGE    63

..........................................................


THE ANNISTON CLIMATE NORMALS FOR TODAY
                         NORMAL    RECORD    YEAR
 MAXIMUM TEMPERATURE (F)   78        90      1959
                                             2001
 MINIMUM TEMPERATURE (F)   55        37      1961


SUNRISE AND SUNSET
MAY  3 2015...........SUNRISE   553 AM CDT   SUNSET   728 PM CDT
MAY  4 2015...........SUNRISE   552 AM CDT   SUNSET   729 PM CDT


-  INDICATES NEGATIVE NUMBERS.
R  INDICATES RECORD WAS SET OR TIED.
MM INDICATES DATA IS MISSING.
T  INDICATES TRACE AMOUNT.




$$
