000
CDUS43 KAPX 250538
CLIANJ


CLIMATE REPORT
NATIONAL WEATHER SERVICE GAYLORD MI
137 AM EDT SAT APR 25 2015


...................................

...THE SAULT STE MARIE MI CLIMATE SUMMARY FOR APRIL 24 2015...

CLIMATE NORMAL PERIOD 1981 TO 2010
CLIMATE RECORD PERIOD 1888 TO 2015


WEATHER ITEM   OBSERVED TIME   RECORD YEAR NORMAL DEPARTURE LAST
                VALUE   (LST)  VALUE       VALUE  FROM      YEAR
                                                  NORMAL
..................................................................
TEMPERATURE (F)
 YESTERDAY
  MAXIMUM         37    239 PM  83    1915  54    -17       51
  MINIMUM         23    405 AM  13    1892  35    -12       29
  AVERAGE         30                        44    -14       40

PRECIPITATION (IN)
  YESTERDAY        0.00          0.74 1897   0.07  -0.07      T
  MONTH TO DATE    1.74                      1.94  -0.20     2.94
  SINCE MAR 1      3.16                      3.89  -0.73     4.65
  SINCE JAN 1      6.53                      7.42  -0.89     8.01

SNOWFALL (IN)
  YESTERDAY        0.0           2.1  1996   0.1   -0.1      0.0
  MONTH TO DATE    2.6                       6.1   -3.5     10.3
  SINCE OCT 1    168.4                     119.7   48.7    134.6
  SINCE JUL 1    168.4                     119.7   48.7    134.6
  SNOW DEPTH       T

DEGREE DAYS
 HEATING
  YESTERDAY       35                        21     14       25
  MONTH TO DATE  666                       626     40      749
  SINCE MAR 1   1990                      1826    164     2247
  SINCE JUL 1   8769                      7952    817     9027

 COOLING
  YESTERDAY        0                         0      0        0
  MONTH TO DATE    0                         0      0        0
  SINCE MAR 1      0                         0      0        0
  SINCE JAN 1      0                         0      0        0
..................................................................


WIND (MPH)
  HIGHEST WIND SPEED    20   HIGHEST WIND DIRECTION    NW (320)
  HIGHEST GUST SPEED    28   HIGHEST GUST DIRECTION    NW (300)
  AVERAGE WIND SPEED     8.2




RELATIVE HUMIDITY (PERCENT)
 HIGHEST    88
 LOWEST     40
 AVERAGE    64

..........................................................


THE SAULT STE MARIE MI CLIMATE NORMALS FOR TODAY
                         NORMAL    RECORD    YEAR
 MAXIMUM TEMPERATURE (F)   55        85      1990
 MINIMUM TEMPERATURE (F)   35        18      1892


SUNRISE AND SUNSET
APRIL 25 2015.........SUNRISE   633 AM EDT   SUNSET   838 PM EDT
APRIL 26 2015.........SUNRISE   632 AM EDT   SUNSET   840 PM EDT


-  INDICATES NEGATIVE NUMBERS.
R  INDICATES RECORD WAS SET OR TIED.
MM INDICATES DATA IS MISSING.
T  INDICATES TRACE AMOUNT.




$$
