000
CDUS42 KFFC 270816
CLIATL


CLIMATE REPORT
NATIONAL WEATHER SERVICE PEACHTREE CITY GA
416 AM EDT MON APR 27 2015


...................................

...THE ATLANTA CLIMATE SUMMARY FOR APRIL 26 2015...

CLIMATE NORMAL PERIOD 1981 TO 2010
CLIMATE RECORD PERIOD 1878 TO 2015


WEATHER ITEM   OBSERVED TIME   RECORD YEAR NORMAL DEPARTURE LAST
                VALUE   (LST)  VALUE       VALUE  FROM      YEAR
                                                  NORMAL
..................................................................
TEMPERATURE (F)
 YESTERDAY
  MAXIMUM         83    331 PM  92    1986  75      8       80
  MINIMUM         57   1159 PM  36    1910  54      3       52
  AVERAGE         70                        65      5       66

PRECIPITATION (IN)
  YESTERDAY        0.00          2.55 1944   0.11  -0.11     0.00
  MONTH TO DATE    6.93                      2.91   4.02     5.37
  SINCE MAR 1      9.91                      7.72   2.19     8.49
  SINCE JAN 1     18.42                     16.59   1.83    15.65

DEGREE DAYS
 HEATING
  YESTERDAY        0                         3     -3        0
  MONTH TO DATE   41                       133    -92      114
  SINCE MAR 1    278                       475   -197      494
  SINCE JUL 1   2636                      2730    -94     2897

 COOLING
  YESTERDAY        5                         3      2        1
  MONTH TO DATE   81                        42     39       29
  SINCE MAR 1     96                        54     42       29
  SINCE JAN 1     96                        55     41       31
..................................................................


WIND (MPH)
  RESULTANT WIND SPEED  10   RESULTANT WIND DIRECTION   W (290)
  HIGHEST WIND SPEED    23   HIGHEST WIND DIRECTION    NW (310)
  HIGHEST GUST SPEED    31   HIGHEST GUST DIRECTION    NW (320)
  AVERAGE WIND SPEED    12.7


SKY COVER
  AVERAGE SKY COVER 0.6


WEATHER CONDITIONS
 THE FOLLOWING WEATHER WAS RECORDED YESTERDAY.
  NO SIGNIFICANT WEATHER WAS OBSERVED.


RELATIVE HUMIDITY (PERCENT)
 HIGHEST    93           300 AM
 LOWEST     39           500 PM
 AVERAGE    66

..........................................................


THE ATLANTA CLIMATE NORMALS FOR TODAY
                         NORMAL    RECORD    YEAR
 MAXIMUM TEMPERATURE (F)   75        93      1986
 MINIMUM TEMPERATURE (F)   55        38      1978


SUNRISE AND SUNSET
APRIL 27 2015.........SUNRISE   654 AM EDT   SUNSET   818 PM EDT
APRIL 28 2015.........SUNRISE   653 AM EDT   SUNSET   818 PM EDT


-  INDICATES NEGATIVE NUMBERS.
R  INDICATES RECORD WAS SET OR TIED.
MM INDICATES DATA IS MISSING.
T  INDICATES TRACE AMOUNT.




$$
