000
CDUS44 KEWX 040742
CLIATT


CLIMATE REPORT
NATIONAL WEATHER SERVICE AUSTIN/SAN ANTONIO, TX
242 AM CDT MON MAY 4 2015


...................................

...THE AUSTIN CAMP MABRY CLIMATE SUMMARY FOR MAY 3 2015...

CLIMATE NORMAL PERIOD 1981 TO 2010
CLIMATE RECORD PERIOD 1897 TO 2015


WEATHER ITEM   OBSERVED TIME   RECORD YEAR NORMAL DEPARTURE LAST
                VALUE   (LST)  VALUE       VALUE  FROM      YEAR
                                                  NORMAL
..................................................................
TEMPERATURE (F)
 YESTERDAY
  MAXIMUM         84    448 PM  95    1984  84      0       94
  MINIMUM         58    608 AM  44    2013  63     -5       58
  AVERAGE         71                        74     -3

PRECIPITATION (IN)
  YESTERDAY        0.00          3.80 1904   0.13  -0.13     0.00
  MONTH TO DATE    0.00                      0.37  -0.37     0.00
  SINCE MAR 1      7.14                      5.22   1.92     3.16
  SINCE JAN 1     12.66                      9.46   3.20     3.99

SNOWFALL (IN)
  YESTERDAY        0.0
  MONTH TO DATE    0.0
  SINCE MAR 1      T
  SINCE JUL 1      T
  SNOW DEPTH       0

DEGREE DAYS
 HEATING
  YESTERDAY        0                         0      0        0
  MONTH TO DATE    0                         0      0        0
  SINCE MAR 1    215                       200     15      275
  SINCE JUL 1   1698                      1537    161     1771

 COOLING
  YESTERDAY        6                         9     -3       11
  MONTH TO DATE   17                        25     -8       16
  SINCE MAR 1    284                       250     34      240
  SINCE JAN 1    295                       277     18      281
..................................................................


WIND (MPH)
  HIGHEST WIND SPEED    15   HIGHEST WIND DIRECTION    SE (150)
  HIGHEST GUST SPEED    23   HIGHEST GUST DIRECTION     S (160)
  AVERAGE WIND SPEED     6.1


SKY COVER
  AVERAGE SKY COVER 0.2


WEATHER CONDITIONS
 THE FOLLOWING WEATHER WAS RECORDED YESTERDAY.
  NO SIGNIFICANT WEATHER WAS OBSERVED.


RELATIVE HUMIDITY (PERCENT)
 HIGHEST    93           600 AM
 LOWEST     40           300 PM
 AVERAGE    67

..........................................................


THE AUSTIN CAMP MABRY CLIMATE NORMALS FOR TODAY
                         NORMAL    RECORD    YEAR
 MAXIMUM TEMPERATURE (F)   84       100      1984
 MINIMUM TEMPERATURE (F)   64        42      1907


SUNRISE AND SUNSET
MAY  4 2015...........SUNRISE   645 AM CDT   SUNSET   810 PM CDT
MAY  5 2015...........SUNRISE   644 AM CDT   SUNSET   811 PM CDT


-  INDICATES NEGATIVE NUMBERS.
R  INDICATES RECORD WAS SET OR TIED.
MM INDICATES DATA IS MISSING.
T  INDICATES TRACE AMOUNT.




$$
