000
CDUS41 KGYX 252045
CLIAUG


CLIMATE REPORT
NATIONAL WEATHER SERVICE GRAY ME
445 PM EDT SAT APR 25 2015


...................................

...THE AUGUSTA CLIMATE SUMMARY FOR APRIL 25 2015...
VALID TODAY AS OF 0400 PM LOCAL TIME.

CLIMATE NORMAL PERIOD 1981 TO 2010
CLIMATE RECORD PERIOD 1948 TO 2015


WEATHER ITEM   OBSERVED TIME   RECORD YEAR NORMAL DEPARTURE LAST
                VALUE   (LST)  VALUE       VALUE  FROM      YEAR
                                                  NORMAL
..................................................................
TEMPERATURE (F)
 TODAY
  MAXIMUM         47    259 PM  MM      MM  58    -11       61
  MINIMUM         33    435 AM  MM      MM  38     -5       37
  AVERAGE         40                        48     -8       49

PRECIPITATION (IN)
  TODAY            0.00         MM      MM   0.13  -0.13     0.00
  MONTH TO DATE    4.13                      3.14   0.99     2.18
  SINCE MAR 1      5.30                      6.51  -1.21     5.32
  SINCE JAN 1      7.57                     11.55  -3.98    10.11

DEGREE DAYS
 HEATING
  TODAY           25                        17      8       16
  MONTH TO DATE  583                       554     29      546
  SINCE MAR 1   1759                      1580    179     1794
  SINCE JUL 1   7386                      6923    463     7300

 COOLING
  TODAY            0                         0      0        0
  MONTH TO DATE    0                         0      0        0
  SINCE MAR 1      0                         0      0        0
  SINCE JAN 1      0                         0      0        0
..................................................................


WIND (MPH)
  HIGHEST WIND SPEED    17   HIGHEST WIND DIRECTION    NW (330)
  HIGHEST GUST SPEED    22   HIGHEST GUST DIRECTION    NW (310)
  AVERAGE WIND SPEED     8.8


SKY COVER
  AVERAGE SKY COVER 0.9


WEATHER CONDITIONS
 THE FOLLOWING WEATHER WAS RECORDED TODAY.
  NO SIGNIFICANT WEATHER WAS OBSERVED.


RELATIVE HUMIDITY (PERCENT)
 HIGHEST    64          1200 AM
 LOWEST     45          1200 PM
 AVERAGE    55

..........................................................


THE AUGUSTA CLIMATE NORMALS FOR TOMORROW
                         NORMAL
 MAXIMUM TEMPERATURE (F)   58
 MINIMUM TEMPERATURE (F)   38


SUNRISE AND SUNSET
APRIL 25 2015.........SUNRISE   540 AM EDT   SUNSET   736 PM EDT
APRIL 26 2015.........SUNRISE   538 AM EDT   SUNSET   737 PM EDT


-  INDICATES NEGATIVE NUMBERS.
R  INDICATES RECORD WAS SET OR TIED.
MM INDICATES DATA IS MISSING.
T  INDICATES TRACE AMOUNT.




$$
