000
CDUS44 KEWX 070742
CLIAUS


CLIMATE REPORT
NATIONAL WEATHER SERVICE AUSTIN/SAN ANTONIO, TX
242 AM CDT THU MAY 7 2015


...................................

...THE AUSTIN BERGSTROM CLIMATE SUMMARY FOR MAY 6 2015...

CLIMATE NORMAL PERIOD 1981 TO 2010
CLIMATE RECORD PERIOD 1943 TO 2015


WEATHER ITEM   OBSERVED TIME   RECORD YEAR NORMAL DEPARTURE LAST
                VALUE   (LST)  VALUE       VALUE  FROM      YEAR
                                                  NORMAL
..................................................................
TEMPERATURE (F)
 YESTERDAY
  MAXIMUM         87    325 PM  98    1984  85      2       86
  MINIMUM         71    702 AM  45    2013  61     10       62
  AVERAGE         79                        73      6       74

PRECIPITATION (IN)
  YESTERDAY        T             2.23 2001   0.09  -0.09     0.00
  MONTH TO DATE    1.76                      0.54   1.22     0.00
  SINCE MAR 1      8.15                      5.63   2.52     2.84
  SINCE JAN 1     13.89                     10.14   3.75     3.93

SNOWFALL (IN)
  YESTERDAY        0.0
  MONTH TO DATE    0.0
  SINCE MAR 1      0.0
  SINCE JUL 1      T
  SNOW DEPTH       0

DEGREE DAYS
 HEATING
  YESTERDAY        0                         0      0        0
  MONTH TO DATE    0                         0      0        4
  SINCE MAR 1    265                       285    -20      361
  SINCE JUL 1   1979                      1900     79     2178

 COOLING
  YESTERDAY       14                         8      6        9
  MONTH TO DATE   31                        44    -13       29
  SINCE MAR 1    237                       216     21      200
  SINCE JAN 1    239                       232      7      217
..................................................................


WIND (MPH)
  HIGHEST WIND SPEED    22   HIGHEST WIND DIRECTION     S (180)
  HIGHEST GUST SPEED    27   HIGHEST GUST DIRECTION     S (180)
  AVERAGE WIND SPEED    12.5


SKY COVER
  AVERAGE SKY COVER 0.7


WEATHER CONDITIONS
 THE FOLLOWING WEATHER WAS RECORDED YESTERDAY.
  LIGHT RAIN


RELATIVE HUMIDITY (PERCENT)
 HIGHEST   100          1200 AM
 LOWEST     57           200 PM
 AVERAGE    79

..........................................................


THE AUSTIN BERGSTROM CLIMATE NORMALS FOR TODAY
                         NORMAL    RECORD    YEAR
 MAXIMUM TEMPERATURE (F)   85       102      1998
 MINIMUM TEMPERATURE (F)   61        44      1992


SUNRISE AND SUNSET
MAY  7 2015...........SUNRISE   643 AM CDT   SUNSET   812 PM CDT
MAY  8 2015...........SUNRISE   642 AM CDT   SUNSET   813 PM CDT


-  INDICATES NEGATIVE NUMBERS.
R  INDICATES RECORD WAS SET OR TIED.
MM INDICATES DATA IS MISSING.
T  INDICATES TRACE AMOUNT.




$$
