000
CDUS43 KGRB 050632
CLIAUW


CLIMATE REPORT
NATIONAL WEATHER SERVICE GREEN BAY
131 AM CDT TUE MAY 5 2015


...................................

...THE WAUSAU WI CLIMATE SUMMARY FOR MAY 4 2015...

CLIMATE NORMAL PERIOD 1981 TO 2010
CLIMATE RECORD PERIOD 1896 TO 2015


WEATHER ITEM   OBSERVED TIME   RECORD YEAR NORMAL DEPARTURE LAST
                VALUE   (LST)  VALUE       VALUE  FROM      YEAR
                                                  NORMAL
..................................................................
TEMPERATURE (F)
 YESTERDAY
  MAXIMUM         70    243 PM  90    1952  63      7       58
  MINIMUM         49   1155 PM  20    1907  40      9       37
  AVERAGE         60                        52      8

PRECIPITATION (IN)
  YESTERDAY        0.00          1.23 1938   0.10  -0.10     0.00
  MONTH TO DATE    0.29                      0.42  -0.13     0.17
  SINCE MAR 1      4.26                      4.91  -0.65     5.19
  SINCE JAN 1      5.01                      6.85  -1.84     8.13

SNOWFALL (IN)
  YESTERDAY        0.0           0.4  1954   0.0    0.0      0.0
  MONTH TO DATE    0.0                       0.1   -0.1      0.0
  SINCE JUL 1     53.7                      59.5   -5.8     84.3
  SNOW DEPTH       0

DEGREE DAYS
 HEATING
  YESTERDAY        5                        13     -8       17
  MONTH TO DATE   17                        55    -38       72
  SINCE MAR 1   1618                      1771   -153     2167
  SINCE JUL 1   8198                      7907    291     9114

 COOLING
  YESTERDAY        0                         0      0        0
  MONTH TO DATE    2                         0      2        0
  SINCE MAR 1      2                         2      0        0
  SINCE JAN 1      2                         2      0        0
..................................................................


WIND (MPH)
  HIGHEST WIND SPEED    15   HIGHEST WIND DIRECTION     E (100)
  HIGHEST GUST SPEED    20   HIGHEST GUST DIRECTION    NW (300)
  AVERAGE WIND SPEED     6.7


SKY COVER
  POSSIBLE SUNSHINE  MM
  AVERAGE SKY COVER 0.0


WEATHER CONDITIONS
 THE FOLLOWING WEATHER WAS RECORDED YESTERDAY.
  NO SIGNIFICANT WEATHER WAS OBSERVED.


RELATIVE HUMIDITY (PERCENT)
 HIGHEST    93          1200 AM
 LOWEST     21           400 PM
 AVERAGE    57

..........................................................


THE WAUSAU WI CLIMATE NORMALS FOR TODAY
                         NORMAL    RECORD    YEAR
 MAXIMUM TEMPERATURE (F)   64        86      1949
 MINIMUM TEMPERATURE (F)   41        26      1967
                                             1900


SUNRISE AND SUNSET
MAY  5 2015...........SUNRISE   543 AM CDT   SUNSET   809 PM CDT
MAY  6 2015...........SUNRISE   541 AM CDT   SUNSET   810 PM CDT


-  INDICATES NEGATIVE NUMBERS.
R  INDICATES RECORD WAS SET OR TIED.
MM INDICATES DATA IS MISSING.
T  INDICATES TRACE AMOUNT.




$$
