000
CDUS42 KGSP 070638
CLIAVL

CLIMATE REPORT
NATIONAL WEATHER SERVICE GREENVILLE-SPARTANBURG SC
234 AM EDT THU MAY 7 2015

...................................

...THE ASHEVILLE NC CLIMATE SUMMARY FOR MAY 6 2015...

CLIMATE NORMAL PERIOD 1981 TO 2010
CLIMATE RECORD PERIOD 1869 TO 2015


WEATHER ITEM   OBSERVED TIME   RECORD YEAR NORMAL DEPARTURE LAST
                VALUE   (LST)  VALUE       VALUE  FROM      YEAR
                                                  NORMAL
..................................................................
TEMPERATURE (F)
 YESTERDAY
  MAXIMUM         80    316 PM  88    1950  73      7       85
                                      1943
  MINIMUM         49    603 AM  34    1973  49      0       50
  AVERAGE         65                        61      4       68

PRECIPITATION (IN)
  YESTERDAY        0.00          1.48 1958   0.12  -0.12     0.00
  MONTH TO DATE    0.00                      0.69  -0.69      T
  SINCE MAR 1      7.06                      7.85  -0.79     7.39
  SINCE JAN 1     12.90                     15.28  -2.38    12.74

SNOWFALL (IN)
  YESTERDAY        0.0           0.0    MM   0.0             0.0
  MONTH TO DATE    0.0                       0.0             0.0
  SINCE MAR 1      T                         2.6             0.4
  SINCE JUL 1     13.3                       9.9             9.8
  SNOW DEPTH       0

DEGREE DAYS
 HEATING
  YESTERDAY        0                         5     -5        0
  MONTH TO DATE   28                        33     -5       21
  SINCE MAR 1    659                       888   -229      913
  SINCE JUL 1   3968                      4105   -137     4232

 COOLING
  YESTERDAY        0                         1     -1        3
  MONTH TO DATE    0                         5     -5        7
  SINCE MAR 1     19                        13      6        9
  SINCE JAN 1     19                        13      6        9
..................................................................


WIND (MPH)
  HIGHEST WIND SPEED    16   HIGHEST WIND DIRECTION     S (160)
  HIGHEST GUST SPEED    24   HIGHEST GUST DIRECTION     S (160)
  AVERAGE WIND SPEED     3.9


SKY COVER
  POSSIBLE SUNSHINE  MM
  AVERAGE SKY COVER 0.1


WEATHER CONDITIONS
 THE FOLLOWING WEATHER WAS RECORDED YESTERDAY.
  NO SIGNIFICANT WEATHER WAS OBSERVED.


RELATIVE HUMIDITY (PERCENT)
 HIGHEST    93           600 AM
 LOWEST     28          1200 PM
 AVERAGE    61

..........................................................


THE ASHEVILLE NC CLIMATE NORMALS FOR TODAY
                         NORMAL    RECORD    YEAR
 MAXIMUM TEMPERATURE (F)   73        89      1940
 MINIMUM TEMPERATURE (F)   49        33      1989


SUNRISE AND SUNSET
MAY  7 2015...........SUNRISE   633 AM EDT   SUNSET   821 PM EDT
MAY  8 2015...........SUNRISE   632 AM EDT   SUNSET   822 PM EDT


-  INDICATES NEGATIVE NUMBERS.
R  INDICATES RECORD WAS SET OR TIED.
MM INDICATES DATA IS MISSING.
T  INDICATES TRACE AMOUNT.

$$
