000
CDUS43 KGRR 260521
CLIAZO


CLIMATE REPORT
NATIONAL WEATHER SERVICE GRAND RAPIDS, MI
119 AM EDT SUN APR 26 2015


...................................

...THE KALAMAZOO MI CLIMATE SUMMARY FOR APRIL 25 2015...

CLIMATE NORMAL PERIOD 1981 TO 2010
CLIMATE RECORD PERIOD 1998 TO 2015


WEATHER ITEM   OBSERVED TIME   NORMAL DEPARTURE LAST
                VALUE   (LST)  VALUE  FROM      YEAR
                                      NORMAL
......................................................
TEMPERATURE (F)
 YESTERDAY
  MAXIMUM         51    622 PM  64    -13       60
  MINIMUM         42   1159 PM  42      0       42
  AVERAGE         47            52     -5       51

PRECIPITATION (IN)
  YESTERDAY        T             0.11  -0.11     0.34
  MONTH TO DATE    2.03          2.42  -0.39     1.70
  SINCE MAR 1      2.36          4.67  -2.31     2.95
  SINCE JAN 1      3.89          7.91  -4.02     5.48

DEGREE DAYS
 HEATING
  YESTERDAY       18            13      5       14
  MONTH TO DATE  360           427    -67      443
  SINCE MAR 1   1329          1311     18     1602
  SINCE JUL 1   6615          6084    531     6770

 COOLING
  YESTERDAY        0             0      0        0
  MONTH TO DATE    0             0      0        0
  SINCE MAR 1      0             0      0        0
  SINCE JAN 1      0             0      0        0
......................................................


WIND (MPH)
  RESULTANT WIND SPEED   7   RESULTANT WIND DIRECTION   E (80)
  HIGHEST WIND SPEED    15   HIGHEST WIND DIRECTION     E (90)
  HIGHEST GUST SPEED    22   HIGHEST GUST DIRECTION     E (100)
  AVERAGE WIND SPEED     7.0


SKY COVER
  AVERAGE SKY COVER 0.9


WEATHER CONDITIONS
 THE FOLLOWING WEATHER WAS RECORDED YESTERDAY.
  LIGHT RAIN


RELATIVE HUMIDITY (PERCENT)
 HIGHEST    82           100 AM
 LOWEST     45          1000 PM
 AVERAGE    64

..........................................................


THE KALAMAZOO MI CLIMATE NORMALS FOR TODAY
                         NORMAL
 MAXIMUM TEMPERATURE (F)   64
 MINIMUM TEMPERATURE (F)   42


SUNRISE AND SUNSET
APRIL 26 2015.........SUNRISE   645 AM EDT   SUNSET   836 PM EDT
APRIL 27 2015.........SUNRISE   644 AM EDT   SUNSET   837 PM EDT


-  INDICATES NEGATIVE NUMBERS.
R  INDICATES RECORD WAS SET OR TIED.
MM INDICATES DATA IS MISSING.
T  INDICATES TRACE AMOUNT.




$$
