000
CDUS44 KAMA 252135
CLIBGD


CLIMATE REPORT
NATIONAL WEATHER SERVICE AMARILLO TX
434 PM CDT SAT APR 25 2015


...................................

...THE BORGER CLIMATE SUMMARY FOR APRIL 25 2015...
VALID TODAY AS OF 0400 PM LOCAL TIME.

CLIMATE NORMAL PERIOD 1981 TO 2013
CLIMATE RECORD PERIOD 1949 TO 2015


WEATHER ITEM   OBSERVED TIME   RECORD YEAR NORMAL DEPARTURE LAST
                VALUE   (LST)  VALUE       VALUE  FROM      YEAR
                                                  NORMAL
..................................................................
TEMPERATURE (F)
 TODAY
  MAXIMUM         82    326 PM  99    2012  75      7       92
  MINIMUM         53    636 AM  35    1997  48      5       55
  AVERAGE         68                        61      7       74

PRECIPITATION (IN)
  TODAY            0.00          2.50 1997   0.04  -0.04     0.00
  MONTH TO DATE    1.25                      1.35  -0.10     0.11
  SINCE MAR 1      1.52                      2.76  -1.24     0.18
  SINCE JAN 1      3.37                      3.97  -0.60     0.56

SNOWFALL (IN)
  TODAY            0.0           0.0  2013                   0.0
                                      2012
                                      2011
  MONTH TO DATE    0.0                                       1.1
  SINCE MAR 1      T                                         2.1
  SINCE JUL 1     17.5                                      14.7
  SNOW DEPTH       0

DEGREE DAYS
 HEATING
  TODAY            0                         5     -5        0
  MONTH TO DATE  101                       203   -102      169
  SINCE MAR 1    461                       687   -226      671
  SINCE JUL 1   3333                      3680   -347     3749

 COOLING
  TODAY            3                         2      1        9
  MONTH TO DATE   47                        27     20       50
  SINCE MAR 1     54                        34     20       52
  SINCE JAN 1     54                        34     20       52
..................................................................


WIND (MPH)
  RESULTANT WIND SPEED   8   RESULTANT WIND DIRECTION   W (250)
  HIGHEST WIND SPEED    17   HIGHEST WIND DIRECTION     W (260)
  HIGHEST GUST SPEED    27   HIGHEST GUST DIRECTION     W (270)
  AVERAGE WIND SPEED     9.7


SKY COVER
  AVERAGE SKY COVER 0.0


WEATHER CONDITIONS
 THE FOLLOWING WEATHER WAS RECORDED TODAY.
  NO SIGNIFICANT WEATHER WAS OBSERVED.


RELATIVE HUMIDITY (PERCENT)
 HIGHEST    38           700 AM
 LOWEST     11           200 PM
 AVERAGE    25

..........................................................


THE BORGER CLIMATE NORMALS FOR TOMORROW
                         NORMAL    RECORD    YEAR
 MAXIMUM TEMPERATURE (F)   75        95      1959
 MINIMUM TEMPERATURE (F)   48        36      2006


SUNRISE AND SUNSET
APRIL 25 2015.........SUNRISE   701 AM CDT   SUNSET   827 PM CDT
APRIL 26 2015.........SUNRISE   659 AM CDT   SUNSET   828 PM CDT


-  INDICATES NEGATIVE NUMBERS.
R  INDICATES RECORD WAS SET OR TIED.
MM INDICATES DATA IS MISSING.
T  INDICATES TRACE AMOUNT.




$$
