000
CDUS41 KCAR 190527
CLIBGR


CLIMATE REPORT
NATIONAL WEATHER SERVICE CARIBOU, ME
127 AM EDT SUN APR 19 2015


...................................

...THE BANGOR ME CLIMATE SUMMARY FOR APRIL 18 2015...

CLIMATE NORMAL PERIOD 1981 TO 2010
CLIMATE RECORD PERIOD 1925 TO 2015


WEATHER ITEM   OBSERVED TIME   RECORD YEAR NORMAL DEPARTURE LAST
                VALUE   (LST)  VALUE       VALUE  FROM      YEAR
                                                  NORMAL
..................................................................
TEMPERATURE (F)
 YESTERDAY
  MAXIMUM         58    259 PM  86    1976  54      4       50
  MINIMUM         36    458 AM  17    2003  33      3       22
  AVERAGE         47                        44      3       36

PRECIPITATION (IN)
  YESTERDAY        0.01          1.32 1967   0.12  -0.11     0.00
  MONTH TO DATE    1.06                      2.21  -1.15     1.73
  SINCE MAR 1      2.51                      5.59  -3.08     5.38
  SINCE JAN 1      7.40                     11.00  -3.60    10.55

SNOWFALL (IN)
  YESTERDAY        0.0           2.5  1967   0.1             0.0
  MONTH TO DATE    6.3                       3.2             1.1
  SINCE MAR 1     21.9                      14.9            16.8
  SINCE JUL 1    139.0                      65.6            80.0
  SNOW DEPTH      MM

DEGREE DAYS
 HEATING
  YESTERDAY       18                        21     -3       29
  MONTH TO DATE  481                       449     32      443
  SINCE MAR 1   1733                      1526    207     1747
  SINCE JUL 1   7623                      7172    451     7499

 COOLING
  YESTERDAY        0                         0      0        0
  MONTH TO DATE    0                         0      0        0
  SINCE MAR 1      0                         0      0        0
  SINCE JAN 1      0                         0      0        0
..................................................................


WIND (MPH)
  RESULTANT WIND SPEED   4   RESULTANT WIND DIRECTION   N (10)
  HIGHEST WIND SPEED    25   HIGHEST WIND DIRECTION    SW (210)
  HIGHEST GUST SPEED    26   HIGHEST GUST DIRECTION    SW (210)


SKY COVER
  POSSIBLE SUNSHINE  MM
  AVERAGE SKY COVER 0.5


WEATHER CONDITIONS
 THE FOLLOWING WEATHER WAS RECORDED YESTERDAY.
  LIGHT RAIN


RELATIVE HUMIDITY (PERCENT)
 HIGHEST   100
 LOWEST     28
 AVERAGE    64

..........................................................


THE BANGOR ME CLIMATE NORMALS FOR TODAY
                         NORMAL    RECORD    YEAR
 MAXIMUM TEMPERATURE (F)   55        85      1927
 MINIMUM TEMPERATURE (F)   34        18      1926


SUNRISE AND SUNSET
APRIL 19 2015.........SUNRISE   545 AM EDT   SUNSET   725 PM EDT
APRIL 20 2015.........SUNRISE   543 AM EDT   SUNSET   726 PM EDT


-  INDICATES NEGATIVE NUMBERS.
R  INDICATES RECORD WAS SET OR TIED.
MM INDICATES DATA IS MISSING.
T  INDICATES TRACE AMOUNT.




$$
