000
CDUS44 KBMX 260725
CLIBHM


CLIMATE REPORT
NATIONAL WEATHER SERVICE BIRMINGHAM, AL
225 AM CDT SUN APR 26 2015


...................................

...THE BIRMINGHAM CLIMATE SUMMARY FOR APRIL 25 2015...

CLIMATE NORMAL PERIOD 1981 TO 2010
CLIMATE RECORD PERIOD 2014 TO 2015


WEATHER ITEM   OBSERVED TIME   RECORD YEAR NORMAL DEPARTURE LAST
                VALUE   (LST)  VALUE       VALUE  FROM      YEAR
                                                  NORMAL
..................................................................
TEMPERATURE (F)
 YESTERDAY
  MAXIMUM         78    115 PM  88    2009  77      1       77
                                      1896
  MINIMUM         59    355 AM  33    1910  53      6       59
  AVERAGE         69                        65      4       68

PRECIPITATION (IN)
  YESTERDAY        1.65          2.10 1980   0.15   1.50      T
  MONTH TO DATE    9.89                      3.66   6.23     6.77
  SINCE MAR 1     14.12                      8.89   5.23    11.49
  SINCE JAN 1     22.82                     18.26   4.56    18.42

SNOWFALL (IN)
  YESTERDAY        0.0                       0.0    0.0      0.0
  MONTH TO DATE    0.0                       0.2   -0.2      0.0
  SINCE MAR 1      0.1                       0.8   -0.7      0.0
  SINCE JUL 1      0.8                       1.6   -0.8      5.0
  SNOW DEPTH       0

DEGREE DAYS
 HEATING
  YESTERDAY        0                         3     -3        0
  MONTH TO DATE   34                       128    -94       97
  SINCE MAR 1    293                       450   -157      470
  SINCE JUL 1   2759                      2640    119     2968

 COOLING
  YESTERDAY        4                         3      1        3
  MONTH TO DATE   73                        47     26       31
  SINCE MAR 1     78                        65     13       31
  SINCE JAN 1     78                        69      9       34
..................................................................


WIND (MPH)
  HIGHEST WIND SPEED    28   HIGHEST WIND DIRECTION    NW (320)
  HIGHEST GUST SPEED    34   HIGHEST GUST DIRECTION    NW (300)
  AVERAGE WIND SPEED     7.9


SKY COVER
  AVERAGE SKY COVER 0.6


WEATHER CONDITIONS
 THE FOLLOWING WEATHER WAS RECORDED YESTERDAY.
  THUNDERSTORM
  HEAVY RAIN
  RAIN
  LIGHT RAIN
  FOG
  FOG W/VISIBILITY <= 1/4 MILE


RELATIVE HUMIDITY (PERCENT)
 HIGHEST   100           400 AM
 LOWEST     74           200 PM
 AVERAGE    87

..........................................................


THE BIRMINGHAM CLIMATE NORMALS FOR TODAY
                         NORMAL    RECORD    YEAR
 MAXIMUM TEMPERATURE (F)   77        89      1986
 MINIMUM TEMPERATURE (F)   54        34      1910


SUNRISE AND SUNSET
APRIL 26 2015.........SUNRISE   604 AM CDT   SUNSET   726 PM CDT
APRIL 27 2015.........SUNRISE   603 AM CDT   SUNSET   727 PM CDT


-  INDICATES NEGATIVE NUMBERS.
R  INDICATES RECORD WAS SET OR TIED.
MM INDICATES DATA IS MISSING.
T  INDICATES TRACE AMOUNT.




$$
