000
CDUS45 KBYZ 030933
CLIBIL


CLIMATE REPORT
NATIONAL WEATHER SERVICE BILLINGS MT
332 AM MDT SUN MAY 3 2015


...................................

...THE BILLINGS MT CLIMATE SUMMARY FOR MAY 2 2015...

CLIMATE NORMAL PERIOD 1981 TO 2010
CLIMATE RECORD PERIOD 1934 TO 2015


WEATHER ITEM   OBSERVED TIME   RECORD YEAR NORMAL DEPARTURE LAST
                VALUE   (LST)  VALUE       VALUE  FROM      YEAR
                                                  NORMAL
..................................................................
TEMPERATURE (F)
 YESTERDAY
  MAXIMUM         79    319 PM  90    1985  63     16       68
  MINIMUM         49    536 AM  14    1954  39     10       45
  AVERAGE         64                        51     13       57

PRECIPITATION (IN)
  YESTERDAY        0.00          0.70 1955   0.07  -0.07     0.00
  MONTH TO DATE    0.00                      0.13  -0.13     0.00
  SINCE OCT 1      4.81                      6.12  -1.31    10.47
  SINCE JAN 1      3.24                      3.81  -0.57     5.58

SNOWFALL (IN)
  YESTERDAY        0.0           1.2  1967   0.2   -0.2      0.0
  MONTH TO DATE    0.0                       0.3   -0.3      0.0
  SINCE MAR 1     11.3                      18.8   -7.5     11.2
  SINCE JUL 1     55.4                      53.3    2.1    101.4
  SNOW DEPTH       0

DEGREE DAYS
 HEATING
  YESTERDAY        1                        14    -13        8
  MONTH TO DATE    3                        28    -25       19
  SINCE MAR 1   1069                      1440   -371     1528
  SINCE JUL 1   5710                      6405   -695     6801

 COOLING
  YESTERDAY        0                         0      0        0
  MONTH TO DATE    0                         0      0        0
  SINCE MAR 1      0                         1     -1        0
  SINCE JAN 1      0                         1     -1        0
..................................................................


WIND (MPH)
  HIGHEST WIND SPEED    29   HIGHEST WIND DIRECTION    NW (310)
  HIGHEST GUST SPEED    41   HIGHEST GUST DIRECTION     W (270)
  AVERAGE WIND SPEED    13.6


SKY COVER
  POSSIBLE SUNSHINE  MM
  AVERAGE SKY COVER 0.7


WEATHER CONDITIONS
 THE FOLLOWING WEATHER WAS RECORDED YESTERDAY.
  NO SIGNIFICANT WEATHER WAS OBSERVED.


RELATIVE HUMIDITY (PERCENT)
 HIGHEST    56           400 AM
 LOWEST     12           300 PM
 AVERAGE    34

..........................................................


THE BILLINGS MT CLIMATE NORMALS FOR TODAY
                         NORMAL    RECORD    YEAR
 MAXIMUM TEMPERATURE (F)   64        85      1939
 MINIMUM TEMPERATURE (F)   40        16      1954


SUNRISE AND SUNSET
MAY  3 2015...........SUNRISE   559 AM MDT   SUNSET   824 PM MDT
MAY  4 2015...........SUNRISE   557 AM MDT   SUNSET   825 PM MDT


-  INDICATES NEGATIVE NUMBERS.
R  INDICATES RECORD WAS SET OR TIED.
MM INDICATES DATA IS MISSING.
T  INDICATES TRACE AMOUNT.





&&

...THE CLIMATE SUMMARY FOR SOUTHWEST BILLINGS FOR 02 MAY 2015...

HIGH TEMPERATURE........................78
LOW TEMPERATURE.........................44

PRECIPITATION...........................0.00
MONTHLY PRECIPITATION TOTAL.............0.00
YEARLY PRECIPITATION TOTAL..............3.25

SNOWFALL................................0.0
MONTHLY SNOWFALL TOTAL..................0.0
TOTAL SNOWFALL SINCE JULY 1.............53.3

SNOW DEPTH AT MIDNIGHT..................0

$$
