000
CDUS44 KOHX 041208
CLIBNA

CLIMATE REPORT
NATIONAL WEATHER SERVICE NASHVILLE TN
708 AM CDT MON MAY 4 2015

...THE NASHVILLE CLIMATE SUMMARY FOR MAY 3 2015...

CLIMATE NORMAL PERIOD 1981 TO 2010
CLIMATE RECORD PERIOD 1871 TO 2015


WEATHER ITEM   OBSERVED TIME   RECORD YEAR NORMAL DEPARTURE
                VALUE   (LST)  VALUE       VALUE  FROM
                                                  NORMAL
...............................................................
TEMPERATURE (F)
 YESTERDAY
  MAXIMUM         81    331 PM  90    1901  75      6
  MINIMUM         50    542 AM  37    2005  53     -3
  AVERAGE         66                        64      2

PRECIPITATION (IN)
  YESTERDAY        0.00          3.03 1979   0.18  -0.18
  MONTH TO DATE    0.00                      0.55  -0.55
  SINCE MAR 1     10.62                      8.66   1.96
  SINCE JAN 1     17.44                     16.35   1.09

SNOWFALL (IN)
  YESTERDAY        0.0           0.0  2002   0.0    0.0
                                      2001
  MONTH TO DATE    0.0                       0.0    0.0
  SINCE MAR 1      2.9                       0.9    2.0
  SINCE JUL 1      6.1                       6.3   -0.2
  SNOW DEPTH       0

DEGREE DAYS
 HEATING
  YESTERDAY        0                               -3
  MONTH TO DATE    9                               -1
  SINCE MAR 1    573                             -127
  SINCE JUL 1   3763                              125

 COOLING
  YESTERDAY        1                               -1
  MONTH TO DATE    1                               -5
  SINCE MAR 1     43                               -8
  SINCE JAN 1     43                               -8
...............................................................


WIND (MPH)
  HIGHEST WIND SPEED    16   HIGHEST WIND DIRECTION     S (190)
  HIGHEST GUST SPEED    20   HIGHEST GUST DIRECTION     S (180)
  AVERAGE WIND SPEED     4.0




RELATIVE HUMIDITY (PERCENT)
 HIGHEST    93
 LOWEST     33
 AVERAGE    63

..........................................................

LOW TEMPERATURE SINCE MIDNIGHT..................53
PRECIPITATION SINCE MIDNIGHT..................0.00

THE NASHVILLE CLIMATE NORMALS FOR TODAY
                         NORMAL    RECORD    YEAR
 MAXIMUM TEMPERATURE (F)   75        90      1902
 MINIMUM TEMPERATURE (F)   53        34      1976


SUNRISE AND SUNSET
MAY  4 2015...........SUNRISE   551 AM CDT   SUNSET   736 PM CDT
MAY  5 2015...........SUNRISE   550 AM CDT   SUNSET   737 PM CDT


-  INDICATES NEGATIVE NUMBERS.
R  INDICATES RECORD WAS SET OR TIED.
MM INDICATES DATA IS MISSING.
T  INDICATES TRACE AMOUNT.

$$

ROSE
