000
CDUS45 KBOI 060121
CLIBNO


CLIMATE REPORT
NATIONAL WEATHER SERVICE BOISE ID
720 PM MDT TUE MAY 5 2015


...................................

...THE BURNS OR CLIMATE SUMMARY FOR MAY 5 2015...
VALID TODAY AS OF 0600 PM LOCAL TIME.

CLIMATE NORMAL PERIOD 1981 TO 2010
CLIMATE RECORD PERIOD 1938 TO 2015


WEATHER ITEM   OBSERVED TIME   RECORD YEAR NORMAL DEPARTURE LAST
                VALUE   (LST)  VALUE       VALUE  FROM      YEAR
                                                  NORMAL
..................................................................
TEMPERATURE (F)
 TODAY
  MAXIMUM         65    348 PM  87    1990  63      2       55
  MINIMUM         33    509 AM  20    1965  34     -1       32
  AVERAGE         49                        48      1       44

PRECIPITATION (IN)
  TODAY            0.00          0.31 1979   0.03  -0.03      T
  MONTH TO DATE    0.00                      0.17  -0.17      T
  SINCE OCT 1      6.75                      7.90  -1.15     5.52
  SINCE JAN 1      2.25                      4.40  -2.15     4.55

DEGREE DAYS
 HEATING
  TODAY           16                        17     -1       21
  MONTH TO DATE   56                        87    -31       64
  SINCE MAR 1   1417                      1599   -182     1488
  SINCE JUL 1   5891                      7127  -1236     6771

 COOLING
  TODAY            0                         0      0        0
  MONTH TO DATE    0                         0      0        0
  SINCE MAR 1      0                         0      0        0
  SINCE JAN 1      0                         0      0        0
..................................................................


WIND (MPH)
  HIGHEST WIND SPEED    22   HIGHEST WIND DIRECTION     W (290)
  HIGHEST GUST SPEED    28   HIGHEST GUST DIRECTION     W (250)
  AVERAGE WIND SPEED    12.3



WEATHER CONDITIONS
 THE FOLLOWING WEATHER WAS RECORDED TODAY.
  NO SIGNIFICANT WEATHER WAS OBSERVED.


RELATIVE HUMIDITY (PERCENT)
 HIGHEST    70           400 AM
 LOWEST     10           300 PM
 AVERAGE    40

..........................................................


THE BURNS OR CLIMATE NORMALS FOR TOMORROW
                         NORMAL    RECORD    YEAR
 MAXIMUM TEMPERATURE (F)   63        89      1992
 MINIMUM TEMPERATURE (F)   34        20      2001


SUNRISE AND SUNSET
MAY  5 2015...........SUNRISE   543 AM PDT   SUNSET   803 PM PDT
MAY  6 2015...........SUNRISE   542 AM PDT   SUNSET   804 PM PDT


-  INDICATES NEGATIVE NUMBERS.
R  INDICATES RECORD WAS SET OR TIED.
MM INDICATES DATA IS MISSING.
T  INDICATES TRACE AMOUNT.




$$
