000
CDUS43 KDVN 040915
CLIBRL


CLIMATE REPORT
NATIONAL WEATHER SERVICE QUAD CITIES IA IL
413 AM CDT MON MAY 4 2015


...................................

...THE BURLINGTON IA CLIMATE SUMMARY FOR MAY 3 2015...

CLIMATE NORMAL PERIOD 1981 TO 2010
CLIMATE RECORD PERIOD 1897 TO 2015


WEATHER ITEM   OBSERVED TIME   RECORD YEAR NORMAL DEPARTURE LAST
                VALUE   (LST)  VALUE       VALUE  FROM      YEAR
                                                  NORMAL
..................................................................
TEMPERATURE (F)
 YESTERDAY
  MAXIMUM         84    316 PM  90    1928  70     14       73
  MINIMUM         58    605 AM  28    2005  49      9       47
  AVERAGE         71                        60     11       60

PRECIPITATION (IN)
  YESTERDAY        0.00         MM      MM   0.17  -0.17      T
  MONTH TO DATE    T                         0.50  -0.50      T
  SINCE MAR 1      1.90                      7.05  -5.15     5.21
  SINCE JAN 1      4.32                      9.91  -5.59     9.58

DEGREE DAYS
 HEATING
  YESTERDAY        0                         7     -7        5
  MONTH TO DATE   12                        21     -9       33
  SINCE MAR 1   1076                      1105    -29     1391
  SINCE JUL 1   6007                      5483    524     6714

 COOLING
  YESTERDAY        6                         1      5        0
  MONTH TO DATE    6                         3      3        0
  SINCE MAR 1      9                        23    -14        8
  SINCE JAN 1      9                        23    -14        8
..................................................................


WIND (MPH)
  HIGHEST WIND SPEED    26   HIGHEST WIND DIRECTION    SW (220)
  HIGHEST GUST SPEED    31   HIGHEST GUST DIRECTION     S (200)
  AVERAGE WIND SPEED    12.6


SKY COVER
  POSSIBLE SUNSHINE  MM
  AVERAGE SKY COVER 0.2


WEATHER CONDITIONS
 THE FOLLOWING WEATHER WAS RECORDED YESTERDAY.
  NO SIGNIFICANT WEATHER WAS OBSERVED.


RELATIVE HUMIDITY (PERCENT)
 HIGHEST    77          1200 AM
 LOWEST     40           100 PM
 AVERAGE    59

..........................................................


THE BURLINGTON IA CLIMATE NORMALS FOR TODAY
                         NORMAL    RECORD    YEAR
 MAXIMUM TEMPERATURE (F)   71        90      1952
 MINIMUM TEMPERATURE (F)   49        26      1907


SUNRISE AND SUNSET
MAY  4 2015...........SUNRISE   559 AM CDT   SUNSET   804 PM CDT
MAY  5 2015...........SUNRISE   558 AM CDT   SUNSET   805 PM CDT


-  INDICATES NEGATIVE NUMBERS.
R  INDICATES RECORD WAS SET OR TIED.
MM INDICATES DATA IS MISSING.
T  INDICATES TRACE AMOUNT.




$$
