000
CDUS44 KBRO 042127
CLIBRO


CLIMATE REPORT
NATIONAL WEATHER SERVICE BROWNSVILLE TX
425 PM CDT MON MAY 4 2015


...................................

...THE BROWNSVILLE CLIMATE SUMMARY FOR MAY 4 2015...
VALID TODAY AS OF 0400 PM LOCAL TIME.

CLIMATE NORMAL PERIOD 1981 TO 2010
CLIMATE RECORD PERIOD 1878 TO 2015


WEATHER ITEM   OBSERVED TIME   RECORD YEAR NORMAL DEPARTURE LAST
                VALUE   (LST)  VALUE       VALUE  FROM      YEAR
                                                  NORMAL
..................................................................
TEMPERATURE (F)
 TODAY
  MAXIMUM         84    245 PM  99    1999  86     -2       84
  MINIMUM         74    700 AM  51    2013  70      4       57
  AVERAGE         79                        78      1       71

PRECIPITATION (IN)
  TODAY            0.00          2.13 1968   0.08  -0.08     0.00
                                      1966
  MONTH TO DATE    T                         0.26  -0.26     0.00
  SINCE MAR 1      6.45                      3.03   3.42     1.74
  SINCE JAN 1     10.77                      5.38   5.39     2.50

DEGREE DAYS
 HEATING
  TODAY            0                         0      0        0
  MONTH TO DATE    0                         0      0        0
  SINCE MAR 1     67                        51     16      100
  SINCE JUL 1    690                       554    136      824

 COOLING
  TODAY           14                        13      1        6
  MONTH TO DATE   39                        52    -13       19
  SINCE MAR 1    536                       528      8      433
  SINCE JAN 1    593                       669    -76      553
..................................................................


WIND (MPH)
  HIGHEST WIND SPEED    23   HIGHEST WIND DIRECTION    SE (150)
  HIGHEST GUST SPEED    28   HIGHEST GUST DIRECTION    SE (140)
  AVERAGE WIND SPEED    14.7


SKY COVER
  POSSIBLE SUNSHINE  MM
  AVERAGE SKY COVER 0.7


WEATHER CONDITIONS
 THE FOLLOWING WEATHER WAS RECORDED TODAY.
  NO SIGNIFICANT WEATHER WAS OBSERVED.


RELATIVE HUMIDITY (PERCENT)
 HIGHEST    84           500 AM
 LOWEST     55           100 PM
 AVERAGE    70

..........................................................


THE BROWNSVILLE CLIMATE NORMALS FOR TOMORROW
                         NORMAL    RECORD    YEAR
 MAXIMUM TEMPERATURE (F)   87       102      1999
 MINIMUM TEMPERATURE (F)   70        52      1970


SUNRISE AND SUNSET
MAY  4 2015...........SUNRISE   651 AM CDT   SUNSET   803 PM CDT
MAY  5 2015...........SUNRISE   650 AM CDT   SUNSET   803 PM CDT


-  INDICATES NEGATIVE NUMBERS.
R  INDICATES RECORD WAS SET OR TIED.
MM INDICATES DATA IS MISSING.
T  INDICATES TRACE AMOUNT.

$$
