000
CDUS46 KLOX 210903
CLIBUR


CLIMATE REPORT
NATIONAL WEATHER SERVICE LOS ANGELES/OXNARD CA
203 AM PDT TUE APR 21 2015


...................................

...THE BOB HOPE AIRPORT (BURBANK) CA CLIMATE SUMMARY FOR APRIL 20 2015...

CLIMATE NORMAL PERIOD 1981 TO 2010
CLIMATE RECORD PERIOD 1939 TO 2015


WEATHER ITEM   OBSERVED TIME   RECORD YEAR NORMAL DEPARTURE LAST
                VALUE   (LST)  VALUE       VALUE  FROM      YEAR
                                                  NORMAL
..................................................................
TEMPERATURE (F)
 YESTERDAY
  MAXIMUM         72    146 PM 100    1958  74     -2       81
  MINIMUM         54    529 AM  38    1972  51      3       56
  AVERAGE         63                        62      1       69

PRECIPITATION (IN)
  YESTERDAY        0.00          1.55 1983   0.03  -0.03     0.00
  MONTH TO DATE    0.10                      0.83  -0.73     0.04
  SINCE OCT 1      7.13                     16.25  -9.12     5.54
  SINCE JAN 1      2.63                     11.81  -9.18     4.91

SNOWFALL (IN)
  YESTERDAY        0.0
  MONTH TO DATE    0.0
  SINCE MAR 1      0.0
  SINCE JUL 1      0.0

DEGREE DAYS
 HEATING
  YESTERDAY        2                         4     -2        0
  MONTH TO DATE   37                       103    -66       55
  SINCE MAR 1     86                       321   -235      143
  SINCE JUL 1    643                      1462   -819      620

 COOLING
  YESTERDAY        0                         1     -1        4
  MONTH TO DATE   23                        20      3       46
  SINCE MAR 1    152                        30    122       66
  SINCE JAN 1    178                        36    142      126
..................................................................


WIND (MPH)
  HIGHEST WIND SPEED    14   HIGHEST WIND DIRECTION     S (200)
  HIGHEST GUST SPEED    17   HIGHEST GUST DIRECTION     S (190)
  AVERAGE WIND SPEED     5.2


SKY COVER
  POSSIBLE SUNSHINE  MM
  AVERAGE SKY COVER 0.2


WEATHER CONDITIONS
 THE FOLLOWING WEATHER WAS RECORDED YESTERDAY.
  NO SIGNIFICANT WEATHER WAS OBSERVED.


RELATIVE HUMIDITY (PERCENT)
 HIGHEST    89           500 AM
 LOWEST     47           100 PM
 AVERAGE    68

..........................................................


THE BOB HOPE AIRPORT (BURBANK) CA CLIMATE NORMALS FOR TODAY
                         NORMAL    RECORD    YEAR
 MAXIMUM TEMPERATURE (F)   74        97      2009
 MINIMUM TEMPERATURE (F)   51        37      1978


SUNRISE AND SUNSET
APRIL 21 2015.........SUNRISE   615 AM PDT   SUNSET   730 PM PDT
APRIL 22 2015.........SUNRISE   614 AM PDT   SUNSET   730 PM PDT


-  INDICATES NEGATIVE NUMBERS.
R  INDICATES RECORD WAS SET OR TIED.
MM INDICATES DATA IS MISSING.
T  INDICATES TRACE AMOUNT.




$$
