000
CDUS41 KLWX 042126
CLIBWI


CLIMATE REPORT
NATIONAL WEATHER SERVICE BALTIMORE MD/WASHINGTON DC
525 PM EDT MON MAY 4 2015


...................................

...THE BALTIMORE MD CLIMATE SUMMARY FOR MAY 4 2015...
VALID TODAY AS OF 0500 PM LOCAL TIME.

CLIMATE NORMAL PERIOD 1981 TO 2010
CLIMATE RECORD PERIOD 1870 TO 2015


WEATHER ITEM   OBSERVED TIME   RECORD YEAR NORMAL DEPARTURE LAST
                VALUE   (LST)  VALUE       VALUE  FROM      YEAR
                                                  NORMAL
..................................................................
TEMPERATURE (F)
 TODAY
  MAXIMUM         84    356 PM  90    2001  71     13       75
  MINIMUM         50    552 AM  34    1957  48      2       43
  AVERAGE         67                        59      8       59

PRECIPITATION (IN)
  TODAY            0.00          1.32 1921   0.12  -0.12     0.00
  MONTH TO DATE    T                         0.46  -0.46     0.30
  SINCE MAR 1      8.97                      7.55   1.42    13.28
  SINCE JAN 1     15.10                     13.50   1.60    20.57

SNOWFALL (IN)
  TODAY            0.0          MM      MM   0.0    0.0
  MONTH TO DATE    0.0                       0.0    0.0
  SINCE JUL 1     28.7                      20.1    8.6
  SNOW DEPTH       0

DEGREE DAYS
 HEATING
  TODAY            0                         7     -7        6
  MONTH TO DATE   19                        28     -9       14
  SINCE MAR 1   1106                      1048     58     1187
  SINCE JUL 1   4921                      4643    278     4944

 COOLING
  TODAY            2                         1      1        0
  MONTH TO DATE    2                         4     -2        4
  SINCE MAR 1      7                        18    -11       11
  SINCE JAN 1      7                        18    -11       11
..................................................................


WIND (MPH)
  HIGHEST WIND SPEED    17   HIGHEST WIND DIRECTION    SW (220)
  HIGHEST GUST SPEED    24   HIGHEST GUST DIRECTION    SW (230)
  AVERAGE WIND SPEED     5.5


SKY COVER
  POSSIBLE SUNSHINE  MM
  AVERAGE SKY COVER 0.3


WEATHER CONDITIONS
 THE FOLLOWING WEATHER WAS RECORDED TODAY.
  NO SIGNIFICANT WEATHER WAS OBSERVED.


RELATIVE HUMIDITY (PERCENT)
 HIGHEST    80           500 AM
 LOWEST     23          1200 PM
 AVERAGE    52

..........................................................


THE BALTIMORE MD CLIMATE NORMALS FOR TOMORROW
                         NORMAL    RECORD    YEAR
 MAXIMUM TEMPERATURE (F)   71        92      1930
 MINIMUM TEMPERATURE (F)   49        34      1966


SUNRISE AND SUNSET
MAY  4 2015...........SUNRISE   605 AM EDT   SUNSET   802 PM EDT
MAY  5 2015...........SUNRISE   604 AM EDT   SUNSET   803 PM EDT


-  INDICATES NEGATIVE NUMBERS.
R  INDICATES RECORD WAS SET OR TIED.
MM INDICATES DATA IS MISSING.
T  INDICATES TRACE AMOUNT.




$$
