000
CDUS45 KRIW 040740
CLIBYG


CLIMATE REPORT
NATIONAL WEATHER SERVICE RIVERTON WY
129 AM MDT MON MAY 4 2015


...................................

...THE BUFFALO WY CLIMATE SUMMARY FOR MAY 3 2015...

CLIMATE NORMAL PERIOD 1981 TO 2010
CLIMATE RECORD PERIOD 1998 TO 2015


WEATHER ITEM   OBSERVED TIME   RECORD YEAR NORMAL DEPARTURE LAST
                VALUE   (LST)  VALUE       VALUE  FROM      YEAR
                                                  NORMAL
..................................................................
TEMPERATURE (F)
 YESTERDAY
  MAXIMUM         65    213 PM  76    2000  60      5       50
  MINIMUM         47    550 AM  25    2005  38      9       40
  AVERAGE         56                        49      7       45

PRECIPITATION (IN)
  YESTERDAY        0.01          0.49 2007   0.06  -0.05     0.00
  MONTH TO DATE    0.01                      0.18  -0.17     0.00
  SINCE MAR 1      0.87                      2.40  -1.53     1.72
  SINCE JAN 1      1.51                      3.17  -1.66     2.08

DEGREE DAYS
 HEATING
  YESTERDAY        9                        16     -7       20
  MONTH TO DATE   23                        50    -27       49
  SINCE MAR 1   1278                      1654   -376     1707
  SINCE JUL 1   5974                      6894   -920     6951

 COOLING
  YESTERDAY        0                         0      0        0
  MONTH TO DATE    0                         0      0        0
  SINCE MAR 1      0                         0      0        0
  SINCE JAN 1      0                         0      0        0
..................................................................


WIND (MPH)
  HIGHEST WIND SPEED    22   HIGHEST WIND DIRECTION    NW (330)
  HIGHEST GUST SPEED    29   HIGHEST GUST DIRECTION    NW (330)
  AVERAGE WIND SPEED     8.9


SKY COVER
  POSSIBLE SUNSHINE  MM
  AVERAGE SKY COVER 0.8


WEATHER CONDITIONS
 THE FOLLOWING WEATHER WAS RECORDED YESTERDAY.
  LIGHT RAIN


RELATIVE HUMIDITY (PERCENT)
 HIGHEST    86          1100 PM
 LOWEST     36          1200 AM
 AVERAGE    61

..........................................................


THE BUFFALO WY CLIMATE NORMALS FOR TODAY
                         NORMAL    RECORD    YEAR
 MAXIMUM TEMPERATURE (F)   60        80      2004
 MINIMUM TEMPERATURE (F)   38        23      2002


SUNRISE AND SUNSET
MAY  4 2015...........SUNRISE   554 AM MDT   SUNSET   814 PM MDT
MAY  5 2015...........SUNRISE   552 AM MDT   SUNSET   816 PM MDT


-  INDICATES NEGATIVE NUMBERS.
R  INDICATES RECORD WAS SET OR TIED.
MM INDICATES DATA IS MISSING.
T  INDICATES TRACE AMOUNT.




$$
