000
CDUS45 KPIH 192332
CLIBYI


CLIMATE REPORT
NATIONAL WEATHER SERVICE POCATELLO ID
523 PM MDT SUN APR 19 2015


...................................

...THE BURLEY ID CLIMATE SUMMARY FOR APRIL 19 2015...
VALID TODAY AS OF 0500 PM LOCAL TIME.

CLIMATE NORMAL PERIOD 1981 TO 2010
CLIMATE RECORD PERIOD 1948 TO 2015


WEATHER ITEM   OBSERVED TIME   RECORD YEAR NORMAL DEPARTURE LAST
                VALUE   (LST)  VALUE       VALUE  FROM      YEAR
                                                  NORMAL
..................................................................
TEMPERATURE (F)
 TODAY
  MAXIMUM         64    157 PM  85    1994  59      5       71
  MINIMUM         34    456 AM  18    1982  34      0       30
  AVERAGE         49                        47      2       51

PRECIPITATION (IN)
  TODAY            0.00          0.81 2005   0.04  -0.04     0.00
  MONTH TO DATE    0.14                      0.62  -0.48     0.51
  SINCE OCT 1      3.49                      6.16  -2.67     4.44
  SINCE JAN 1      1.44                      3.33  -1.89     3.83

SNOWFALL (IN)
  TODAY           MM
  MONTH TO DATE   MM
  SINCE MAR 1     MM
  SINCE JUL 1     MM
  SNOW DEPTH      MM

DEGREE DAYS
 HEATING
  TODAY           16                        18     -2       14
  MONTH TO DATE  371                       384    -13      337
  SINCE MAR 1    967                      1181   -214     1032
  SINCE JUL 1   4944                      6203  -1259     5727

 COOLING
  TODAY            0                         0      0        0
  MONTH TO DATE    0                         0      0        0
  SINCE MAR 1      0                         0      0        0
  SINCE JAN 1      0                         0      0        0
..................................................................


WIND (MPH)
  HIGHEST WIND SPEED    18   HIGHEST WIND DIRECTION     E (90)
  HIGHEST GUST SPEED    26   HIGHEST GUST DIRECTION    NE (60)
  AVERAGE WIND SPEED     5.4


SKY COVER
  POSSIBLE SUNSHINE  MM
  AVERAGE SKY COVER 0.0


WEATHER CONDITIONS
 THE FOLLOWING WEATHER WAS RECORDED TODAY.
  NO SIGNIFICANT WEATHER WAS OBSERVED.


RELATIVE HUMIDITY (PERCENT)
 HIGHEST    75           500 AM
 LOWEST     21           300 PM
 AVERAGE    48

..........................................................


THE BURLEY ID CLIMATE NORMALS FOR TOMORROW
                         NORMAL    RECORD    YEAR
 MAXIMUM TEMPERATURE (F)   60        89      1994
 MINIMUM TEMPERATURE (F)   34        17      1982


SUNRISE AND SUNSET
APRIL 19 2015.........SUNRISE   648 AM MDT   SUNSET   821 PM MDT
APRIL 20 2015.........SUNRISE   646 AM MDT   SUNSET   822 PM MDT


-  INDICATES NEGATIVE NUMBERS.
R  INDICATES RECORD WAS SET OR TIED.
MM INDICATES DATA IS MISSING.
T  INDICATES TRACE AMOUNT.




$$
