000
CDUS44 KLUB 190633
CLICDS


CLIMATE REPORT
NATIONAL WEATHER SERVICE LUBBOCK, TX
133 AM CDT SUN APR 19 2015


...................................

...THE CHILDRESS CLIMATE SUMMARY FOR APRIL 18 2015...

CLIMATE NORMAL PERIOD 1981 TO 2010
CLIMATE RECORD PERIOD 1893 TO 2015


WEATHER ITEM   OBSERVED TIME   RECORD YEAR NORMAL DEPARTURE LAST
                VALUE   (LST)  VALUE       VALUE  FROM      YEAR
                                                  NORMAL
..................................................................
TEMPERATURE (F)
 YESTERDAY
  MAXIMUM         80    425 PM 100    2011  77      3       70
  MINIMUM         53    525 AM  33    1953  49      4       47
                                      1944
  AVERAGE         67                        63      4       59

PRECIPITATION (IN)
  YESTERDAY        0.00          1.90 1915   0.07  -0.07     0.00
  MONTH TO DATE    2.25                      1.12   1.13     0.01
  SINCE MAR 1      2.39                      2.65  -0.26     0.47
  SINCE JAN 1      3.56                      4.43  -0.87     0.83

SNOWFALL (IN)
  YESTERDAY        0.0          MM      MM   0.0    0.0      0.0
  MONTH TO DATE    0.0                       0.1   -0.1      0.0
  SINCE MAR 1      0.0                       0.5   -0.5       T
  SINCE JUL 1      2.0                       6.9   -4.9      9.5
  SNOW DEPTH       0

DEGREE DAYS
 HEATING
  YESTERDAY        0                         5     -5        6
  MONTH TO DATE   50                       114    -64      131
  SINCE MAR 1    384                       489   -105      589
  SINCE JUL 1   2881                      3049   -168     3405

 COOLING
  YESTERDAY        2                         3     -1        0
  MONTH TO DATE   64                        32     32       33
  SINCE MAR 1     81                        50     31       43
  SINCE JAN 1     81                        51     30       43
..................................................................


WIND (MPH)
  RESULTANT WIND SPEED   5   RESULTANT WIND DIRECTION  SW (230)
  HIGHEST WIND SPEED    26   HIGHEST WIND DIRECTION     W (260)
  HIGHEST GUST SPEED    32   HIGHEST GUST DIRECTION     W (250)
  AVERAGE WIND SPEED     9.4


SKY COVER
  AVERAGE SKY COVER 0.3


WEATHER CONDITIONS
 THE FOLLOWING WEATHER WAS RECORDED YESTERDAY.
  FOG
  FOG W/VISIBILITY <= 1/4 MILE


RELATIVE HUMIDITY (PERCENT)
 HIGHEST   100           200 AM
 LOWEST     16           400 PM
 AVERAGE    58

..........................................................


THE CHILDRESS CLIMATE NORMALS FOR TODAY
                         NORMAL    RECORD    YEAR
 MAXIMUM TEMPERATURE (F)   78        98      1987
 MINIMUM TEMPERATURE (F)   49        29      2013


SUNRISE AND SUNSET
APRIL 19 2015.........SUNRISE   705 AM CDT   SUNSET   816 PM CDT
APRIL 20 2015.........SUNRISE   704 AM CDT   SUNSET   817 PM CDT


-  INDICATES NEGATIVE NUMBERS.
R  INDICATES RECORD WAS SET OR TIED.
MM INDICATES DATA IS MISSING.
T  INDICATES TRACE AMOUNT.




$$
