000
CDUS44 KHGX 070732
CLICLL


CLIMATE REPORT
NATIONAL WEATHER SERVICE HOUSTON/GALVESTON TX
232 AM CDT THU MAY 7 2015


...................................

...THE COLLEGE STATION CLIMATE SUMMARY FOR MAY 6 2015...

CLIMATE NORMAL PERIOD 1981 TO 2010
CLIMATE RECORD PERIOD 1902 TO 2015


WEATHER ITEM   OBSERVED TIME   RECORD YEAR NORMAL DEPARTURE LAST
                VALUE   (LST)  VALUE       VALUE  FROM      YEAR
                                                  NORMAL
..................................................................
TEMPERATURE (F)
 YESTERDAY
  MAXIMUM         85    332 PM  96    1984  83      2       88
  MINIMUM         66    600 AM  48    2013  64      2       63
                                      1917
  AVERAGE         76                        74      2       76

PRECIPITATION (IN)
  YESTERDAY        1.95          2.23 1919   0.14   1.81     0.00
  MONTH TO DATE    1.98                      0.79   1.19     0.00
  SINCE MAR 1     12.61                      6.62   5.99     2.84
  SINCE JAN 1     20.02                     12.71   7.31     5.02

SNOWFALL (IN)
  YESTERDAY        0.0
  MONTH TO DATE    0.0
  SINCE JUL 1      T

DEGREE DAYS
 HEATING
  YESTERDAY        0                         0      0        0
  MONTH TO DATE    0                         0      0        4
  SINCE MAR 1    227                       219      8      336
  SINCE JUL 1   1768                      1606    162     2060

 COOLING
  YESTERDAY       11                         9      2       11
  MONTH TO DATE   45                        50     -5       35
  SINCE MAR 1    283                       261     22      222
  SINCE JAN 1    284                       289     -5      243
..................................................................


WIND (MPH)
  HIGHEST WIND SPEED    26   HIGHEST WIND DIRECTION    SE (140)
  HIGHEST GUST SPEED    34   HIGHEST GUST DIRECTION    SE (140)
  AVERAGE WIND SPEED    12.6


SKY COVER
  AVERAGE SKY COVER 0.7


WEATHER CONDITIONS
 THE FOLLOWING WEATHER WAS RECORDED YESTERDAY.
  THUNDERSTORM
  HEAVY RAIN
  RAIN
  LIGHT RAIN
  FOG


RELATIVE HUMIDITY (PERCENT)
 HIGHEST    93           600 AM
 LOWEST     65           300 PM
 AVERAGE    79

..........................................................


THE COLLEGE STATION CLIMATE NORMALS FOR TODAY
                         NORMAL    RECORD    YEAR
 MAXIMUM TEMPERATURE (F)   84        99      1998
 MINIMUM TEMPERATURE (F)   64        44      1917


SUNRISE AND SUNSET
MAY  7 2015...........SUNRISE   637 AM CDT   SUNSET   808 PM CDT
MAY  8 2015...........SUNRISE   636 AM CDT   SUNSET   808 PM CDT


-  INDICATES NEGATIVE NUMBERS.
R  INDICATES RECORD WAS SET OR TIED.
MM INDICATES DATA IS MISSING.
T  INDICATES TRACE AMOUNT.




$$
