000
CDUS42 KGSP 190635 CCA
CLICLT

CLIMATE REPORT
NATIONAL WEATHER SERVICE GREENVILLE-SPARTANBURG SC
229 AM EDT SUN APR 19 2015


...................................

...THE CHARLOTTE NC CLIMATE SUMMARY FOR APRIL 18 2015...

CLIMATE NORMAL PERIOD 1981 TO 2010
CLIMATE RECORD PERIOD 1878 TO 2015


WEATHER ITEM   OBSERVED TIME   RECORD YEAR NORMAL DEPARTURE LAST
                VALUE   (LST)  VALUE       VALUE  FROM      YEAR
                                                  NORMAL
..................................................................
TEMPERATURE (F)
 YESTERDAY
  MAXIMUM         79    233 PM  93    1896  73      6       57
  MINIMUM         60    518 AM  32    2001  48     12       45
  AVERAGE         70                        60     10       51

PRECIPITATION (IN)
  YESTERDAY        0.04          1.70 1900   0.10  -0.06     0.72
  MONTH TO DATE    2.83                      1.83   1.00     4.33
  SINCE MAR 1      5.02                      5.84  -0.82     8.81
  SINCE JAN 1     10.84                     12.57  -1.73    15.73

SNOWFALL (IN)
  YESTERDAY        0.0           0.0    MM   0.0    0.0      0.0
  MONTH TO DATE    0.0                       0.0    0.0      0.0
  SINCE MAR 1      0.0                       0.6   -0.6       T
  SINCE JUL 1      3.1                       4.3   -1.2      9.3
  SNOW DEPTH       0

DEGREE DAYS
 HEATING
  YESTERDAY        0                         6     -6       14
  MONTH TO DATE   52                       142    -90      112
  SINCE MAR 1    388                       575   -187      653
  SINCE JUL 1   3159                      3274   -115     3329

 COOLING
  YESTERDAY        5                         1      4        0
  MONTH TO DATE   52                        17     35       22
  SINCE MAR 1     59                        22     37       22
  SINCE JAN 1     59                        22     37       23
..................................................................


WIND (MPH)
  HIGHEST WIND SPEED    12   HIGHEST WIND DIRECTION     S (170)
  HIGHEST GUST SPEED    14   HIGHEST GUST DIRECTION     S (190)
  AVERAGE WIND SPEED     3.5


SKY COVER
  POSSIBLE SUNSHINE  MM
  AVERAGE SKY COVER 1.0


WEATHER CONDITIONS
 THE FOLLOWING WEATHER WAS RECORDED YESTERDAY.
  LIGHT RAIN
  FOG


RELATIVE HUMIDITY (PERCENT)
 HIGHEST    97           200 AM
 LOWEST     48           100 PM
 AVERAGE    73

..........................................................


THE CHARLOTTE NC CLIMATE NORMALS FOR TODAY
                         NORMAL    RECORD    YEAR
 MAXIMUM TEMPERATURE (F)   73        89      2002
                                             1955
                                             1941
 MINIMUM TEMPERATURE (F)   48        30      2001
                                             1983


SUNRISE AND SUNSET
APRIL 19 2015.........SUNRISE   647 AM EDT   SUNSET   800 PM EDT
APRIL 20 2015.........SUNRISE   646 AM EDT   SUNSET   800 PM EDT


-  INDICATES NEGATIVE NUMBERS.
R  INDICATES RECORD WAS SET OR TIED.
MM INDICATES DATA IS MISSING.
T  INDICATES TRACE AMOUNT.




$$
