000
CDUS46 KLOX 210112
CLICMA


CLIMATE REPORT
NATIONAL WEATHER SERVICE LOS ANGELES/OXNARD CA
612 PM PDT MON APR 20 2015


...................................

...THE CAMARILLO CLIMATE SUMMARY FOR APRIL 20 2015...
VALID TODAY AS OF 0600 PM LOCAL TIME.

CLIMATE NORMAL PERIOD 1981 TO 2010
CLIMATE RECORD PERIOD 1948 TO 2015


WEATHER ITEM   OBSERVED TIME   RECORD YEAR NORMAL DEPARTURE LAST
                VALUE   (LST)  VALUE       VALUE  FROM      YEAR
                                                  NORMAL
..................................................................
TEMPERATURE (F)
 TODAY
  MAXIMUM         67   1150 AM  96    2009  69     -2       72
  MINIMUM         52    314 AM  39    1967  48      4       51
  AVERAGE         60                        59      1       62

PRECIPITATION (IN)
  TODAY            0.00          1.14 1983   0.03  -0.03     0.00
  MONTH TO DATE    0.07                      0.46  -0.39     0.05
  SINCE OCT 1      8.08                     14.29  -6.21     4.96
  SINCE JAN 1      3.17                     10.29  -7.12     4.18

SNOWFALL (IN)
  TODAY            0.0
  MONTH TO DATE    0.0
  SINCE MAR 1      0.0
  SINCE JUL 1      0.0

DEGREE DAYS
 HEATING
  TODAY            5                         7     -2        3
  MONTH TO DATE   93                       145    -52      112
  SINCE MAR 1    184                       422   -238      263
  SINCE JUL 1    841                      1758   -917     1216

 COOLING
  TODAY            0                         0      0        0
  MONTH TO DATE    3                         0      3        2
  SINCE MAR 1     59                         4     55       14
  SINCE JAN 1     98                        13     85       42
..................................................................


WIND (MPH)
  HIGHEST WIND SPEED    16   HIGHEST WIND DIRECTION    SW (220)
  HIGHEST GUST SPEED    21   HIGHEST GUST DIRECTION    SW (230)
  AVERAGE WIND SPEED     6.3


SKY COVER
  POSSIBLE SUNSHINE  MM
  AVERAGE SKY COVER 0.4


WEATHER CONDITIONS
 THE FOLLOWING WEATHER WAS RECORDED TODAY.
  FOG
  HAZE


RELATIVE HUMIDITY (PERCENT)
 HIGHEST    93           400 AM
 LOWEST     56          1100 AM
 AVERAGE    75

..........................................................


THE CAMARILLO CLIMATE NORMALS FOR TOMORROW
                         NORMAL    RECORD    YEAR
 MAXIMUM TEMPERATURE (F)   70        91      1987
 MINIMUM TEMPERATURE (F)   48        38      1963


SUNRISE AND SUNSET
APRIL 20 2015.........SUNRISE   619 AM PDT   SUNSET   732 PM PDT
APRIL 21 2015.........SUNRISE   618 AM PDT   SUNSET   733 PM PDT


-  INDICATES NEGATIVE NUMBERS.
R  INDICATES RECORD WAS SET OR TIED.
MM INDICATES DATA IS MISSING.
T  INDICATES TRACE AMOUNT.




$$
