000
CDUS41 KILN 210616
CLICMH


CLIMATE REPORT
NATIONAL WEATHER SERVICE WILMINGTON OH
215 AM EDT TUE APR 21 2015


...................................

...THE COLUMBUS OH CLIMATE SUMMARY FOR APRIL 20 2015...

CLIMATE NORMAL PERIOD 1981 TO 2010
CLIMATE RECORD PERIOD 1869 TO 2015


WEATHER ITEM   OBSERVED TIME   RECORD YEAR NORMAL DEPARTURE LAST
                VALUE   (LST)  VALUE       VALUE  FROM      YEAR
                                                  NORMAL
..................................................................
TEMPERATURE (F)
 YESTERDAY
  MAXIMUM         65    240 PM  85    1896  65      0       77
  MINIMUM         46   1158 PM  22    1904  44      2       45
  AVERAGE         56                        55      1       61

PRECIPITATION (IN)
  YESTERDAY        0.26          1.51 1964   0.11   0.15     0.00
  MONTH TO DATE    3.40                      2.26   1.14     2.68
  SINCE MAR 1      7.32                      5.28   2.04     5.27
  SINCE JAN 1     11.89                     10.26   1.63    10.06

SNOWFALL (IN)
  YESTERDAY        0.0           2.4  1910   0.0    0.0      0.0
  MONTH TO DATE    0.0                       1.0   -1.0      0.9
  SINCE MAR 1      5.4                       5.2    0.2      5.4
  SINCE JUL 1     33.4                      26.6    6.8     56.4
  SNOW DEPTH       0

DEGREE DAYS
 HEATING
  YESTERDAY        9                        11     -2        4
  MONTH TO DATE  173                       279   -106      223
  SINCE MAR 1   1007                       995     12     1060
  SINCE JUL 1   5561                      4990    571     5444

 COOLING
  YESTERDAY        0                         1     -1        0
  MONTH TO DATE    0                         2     -2        6
  SINCE MAR 1      0                         2     -2        6
  SINCE JAN 1      0                         2     -2        6
..................................................................


WIND (MPH)
  RESULTANT WIND SPEED  12   RESULTANT WIND DIRECTION  SW (240)
  HIGHEST WIND SPEED    30   HIGHEST WIND DIRECTION     W (270)
  HIGHEST GUST SPEED    37   HIGHEST GUST DIRECTION     W (270)
  AVERAGE WIND SPEED    15.6


SKY COVER
  POSSIBLE SUNSHINE  MM
  AVERAGE SKY COVER 0.8


WEATHER CONDITIONS
 THE FOLLOWING WEATHER WAS RECORDED YESTERDAY.
  RAIN
  LIGHT RAIN
  FOG


RELATIVE HUMIDITY (PERCENT)
 HIGHEST    93           600 AM
 LOWEST     56           400 PM
 AVERAGE    75

..........................................................


THE COLUMBUS OH CLIMATE NORMALS FOR TODAY
                         NORMAL    RECORD    YEAR
 MAXIMUM TEMPERATURE (F)   66        86      1987
                                             1985
 MINIMUM TEMPERATURE (F)   44        22      1953


SUNRISE AND SUNSET
APRIL 21 2015.........SUNRISE   645 AM EDT   SUNSET   816 PM EDT
APRIL 22 2015.........SUNRISE   644 AM EDT   SUNSET   817 PM EDT


-  INDICATES NEGATIVE NUMBERS.
R  INDICATES RECORD WAS SET OR TIED.
MM INDICATES DATA IS MISSING.
T  INDICATES TRACE AMOUNT.




$$
