000
CDUS46 KLOX 262211
CLICQT


CLIMATE REPORT
NATIONAL WEATHER SERVICE LOS ANGELES/OXNARD CA
311 PM PDT SUN APR 26 2015


...................................

...THE DOWNTOWN LOS ANGELES (USC) CA CLIMATE SUMMARY FOR APRIL 26 2015...
VALID AS OF 0300 PM LOCAL TIME.

CLIMATE NORMAL PERIOD 1981 TO 2010
CLIMATE RECORD PERIOD 1877 TO 2015


WEATHER ITEM   OBSERVED TIME   RECORD YEAR NORMAL DEPARTURE LAST
                VALUE   (LST)  VALUE       VALUE  FROM      YEAR
                                                  NORMAL
..................................................................
TEMPERATURE (F)
 TODAY
  MAXIMUM         75   1156 AM  99    2004  74      1       68
  MINIMUM         54    509 AM  42    1894  55     -1       50
                                      1883
  AVERAGE         65                        64      1       59

PRECIPITATION (IN)
  TODAY            0.00          1.62 1931   0.02  -0.02     0.00
  MONTH TO DATE    0.13                      0.82  -0.69     0.35
  SINCE OCT 1      7.53                     14.20  -6.67     5.99
  SINCE JAN 1      2.92                     10.17  -7.25     5.11

SNOWFALL (IN)
  TODAY            0.0
  MONTH TO DATE    0.0
  SINCE MAR 1      0.0
  SINCE JUL 1      0.0

DEGREE DAYS
 HEATING
  TODAY            0                         3     -3        6
  MONTH TO DATE   37                        90    -53       50
  SINCE MAR 1     66                       247   -181      113
  SINCE JUL 1    429                      1022   -593      590

 COOLING
  TODAY            0                         2     -2        0
  MONTH TO DATE   35                        35      0       32
  SINCE MAR 1    172                        55    117       61
  SINCE JAN 1    229                        78    151       84
..................................................................


WIND (MPH)
  HIGHEST WIND SPEED    12   HIGHEST WIND DIRECTION     W (280)
  HIGHEST GUST SPEED    20   HIGHEST GUST DIRECTION     W (280)
  AVERAGE WIND SPEED     2.9


SKY COVER
  POSSIBLE SUNSHINE  MM
  AVERAGE SKY COVER 0.0


WEATHER CONDITIONS
 THE FOLLOWING WEATHER WAS RECORDED TODAY.
  NO SIGNIFICANT WEATHER WAS OBSERVED.


RELATIVE HUMIDITY (PERCENT)
 HIGHEST    83           200 AM
 LOWEST     35           200 PM
 AVERAGE    59

..........................................................


THE DOWNTOWN LOS ANGELES (USC) CA CLIMATE NORMALS FOR TOMORROW
                         NORMAL    RECORD    YEAR
 MAXIMUM TEMPERATURE (F)   74       102      2004
 MINIMUM TEMPERATURE (F)   55        41      1900


SUNRISE AND SUNSET
APRIL 26 2015.........SUNRISE   609 AM PDT   SUNSET   733 PM PDT
APRIL 27 2015.........SUNRISE   608 AM PDT   SUNSET   734 PM PDT


-  INDICATES NEGATIVE NUMBERS.
R  INDICATES RECORD WAS SET OR TIED.
MM INDICATES DATA IS MISSING.
T  INDICATES TRACE AMOUNT.




$$
