000
CDUS45 KCYS 210733
CLICYS


CLIMATE REPORT
NATIONAL WEATHER SERVICE CHEYENNE WY
132 AM MDT TUE APR 21 2015


...................................

...THE CHEYENNE WYOMING AIRPORT CLIMATE SUMMARY FOR APRIL 20 2015...

CLIMATE NORMAL PERIOD 1981 TO 2010
CLIMATE RECORD PERIOD 1871 TO 2015


WEATHER ITEM   OBSERVED TIME   RECORD YEAR NORMAL DEPARTURE LAST
                VALUE   (LST)  VALUE       VALUE  FROM      YEAR
                                                  NORMAL
..................................................................
TEMPERATURE (F)
 YESTERDAY
  MAXIMUM         48    458 PM  77    1910  56     -8       69
  MINIMUM         26    603 AM  -2    1966  32     -6       37
  AVERAGE         37                        44     -7       53

PRECIPITATION (IN)
  YESTERDAY        0.00          1.61 1933   0.07  -0.07      T
  MONTH TO DATE    2.19                      1.10   1.09     0.64
  SINCE JAN 1      3.06                      2.95   0.11     3.70

SNOWFALL (IN)
  YESTERDAY        0.0          17.3  1984   0.4   -0.4      0.0
  MONTH TO DATE   13.5                       7.7    5.8      6.1
  SINCE JUL 1     48.2                      55.5   -7.3     77.6
  SNOW DEPTH       0

DEGREE DAYS
 HEATING
  YESTERDAY       28                        21      7       12
  MONTH TO DATE  462                       473    -11      438
  SINCE MAR 1   1170                      1374   -204     1311
  SINCE JUL 1   5816                      6393   -577     6515

 COOLING
  YESTERDAY        0                         0      0        0
  MONTH TO DATE    0                         0      0        0
  SINCE MAR 1      0                         0      0        0
  SINCE JAN 1      0                         0      0        0
..................................................................


WIND (MPH)
  HIGHEST WIND SPEED    30   HIGHEST WIND DIRECTION    NW (330)
  HIGHEST GUST SPEED    40   HIGHEST GUST DIRECTION    NW (330)
  AVERAGE WIND SPEED    13.5


SKY COVER
  AVERAGE SKY COVER 0.2


WEATHER CONDITIONS
 THE FOLLOWING WEATHER WAS RECORDED YESTERDAY.
  NO SIGNIFICANT WEATHER WAS OBSERVED.


RELATIVE HUMIDITY (PERCENT)
 HIGHEST    84           500 AM
 LOWEST     31           500 PM
 AVERAGE    58

..........................................................


THE CHEYENNE WYOMING AIRPORT CLIMATE NORMALS FOR TODAY
                         NORMAL    RECORD    YEAR
 MAXIMUM TEMPERATURE (F)   57        82      1960
 MINIMUM TEMPERATURE (F)   32        12      1905


SUNRISE AND SUNSET
APRIL 21 2015.........SUNRISE   611 AM MDT   SUNSET   745 PM MDT
APRIL 22 2015.........SUNRISE   610 AM MDT   SUNSET   747 PM MDT


-  INDICATES NEGATIVE NUMBERS.
R  INDICATES RECORD WAS SET OR TIED.
MM INDICATES DATA IS MISSING.
T  INDICATES TRACE AMOUNT.




$$
