000
CDUS46 KSGX 251420
CLICZZ


CLIMATE REPORT
NATIONAL WEATHER SERVICE SAN DIEGO, CA
720 AM PDT SAT APR 25 2015


...................................

...THE CAMPO ASOS CA CLIMATE SUMMARY FOR APRIL 24 2015...

CLIMATE NORMAL PERIOD 1981 TO 2010
CLIMATE RECORD PERIOD 1948 TO 2015


WEATHER ITEM   OBSERVED TIME   RECORD YEAR NORMAL DEPARTURE LAST
                VALUE   (LST)  VALUE       VALUE  FROM      YEAR
                                                  NORMAL
..................................................................
TEMPERATURE (F)
 YESTERDAY
  MAXIMUM         55    148 PM  89    1996  75    -20       77
  MINIMUM         48   1159 PM  27    1963  39      9       36
  AVERAGE         52                        57     -5       57

PRECIPITATION (IN)
  YESTERDAY        0.06          0.63 1990   0.03   0.03     0.00
  MONTH TO DATE    0.09                      0.83  -0.74     0.28
  SINCE OCT 1      6.44                     13.95  -7.51     4.60
  SINCE JAN 1      2.57                      9.73  -7.16     2.35

SNOWFALL (IN)
  YESTERDAY       MM
  MONTH TO DATE    0.0
  SINCE MAR 1      0.0
  SINCE JUL 1      0.0
  SNOW DEPTH       0

DEGREE DAYS
 HEATING
  YESTERDAY       13                         8      5        8
  MONTH TO DATE  254                       253      1      208
  SINCE MAR 1    549                       670   -121      580
  SINCE JUL 1   2185                      2721   -536     2450

 COOLING
  YESTERDAY        0                         0      0        0
  MONTH TO DATE    0                         0      0        1
  SINCE MAR 1      0                         0      0        1
  SINCE JAN 1      0                         0      0        1
..................................................................


WIND (MPH)
  RESULTANT WIND SPEED  11   RESULTANT WIND DIRECTION  SW (240)
  HIGHEST WIND SPEED    18   HIGHEST WIND DIRECTION    SW (220)
  HIGHEST GUST SPEED    21   HIGHEST GUST DIRECTION    SW (230)
  AVERAGE WIND SPEED    10.9


SKY COVER
  POSSIBLE SUNSHINE  MM
  AVERAGE SKY COVER 0.0



RELATIVE HUMIDITY (PERCENT)
 HIGHEST   100           400 AM
 LOWEST     77          1200 PM
 AVERAGE    89

..........................................................


THE CAMPO ASOS CA CLIMATE NORMALS FOR TODAY
                         NORMAL    RECORD    YEAR
 MAXIMUM TEMPERATURE (F)   75        90      2000
 MINIMUM TEMPERATURE (F)   39        23      1961


SUNRISE AND SUNSET
APRIL 25 2015.........SUNRISE   605 AM PDT   SUNSET   723 PM PDT
APRIL 26 2015.........SUNRISE   604 AM PDT   SUNSET   724 PM PDT


-  INDICATES NEGATIVE NUMBERS.
R  INDICATES RECORD WAS SET OR TIED.
MM INDICATES DATA IS MISSING.
T  INDICATES TRACE AMOUNT.




$$
