000
CDUS42 KMLB 012020
CLIDAB


CLIMATE REPORT
NATIONAL WEATHER SERVICE MELBOURNE FL
419 PM EDT WED APR 1 2015


...................................

...THE DAYTONA BEACH CLIMATE SUMMARY FOR APRIL 1 2015...
VALID TODAY AS OF 0400 PM LOCAL TIME.

CLIMATE NORMAL PERIOD 1981 TO 2010
CLIMATE RECORD PERIOD 1923 TO 2015


WEATHER ITEM   OBSERVED TIME   RECORD YEAR NORMAL DEPARTURE LAST
                VALUE   (LST)  VALUE       VALUE  FROM      YEAR
                                                  NORMAL
..................................................................
TEMPERATURE (F)
 TODAY
  MAXIMUM         85    258 PM  92    1974  77      8       77
  MINIMUM         63    630 AM  39    1987  56      7       49
                                      1950
  AVERAGE         74                        67      7       63

PRECIPITATION (IN)
  TODAY            0.00          1.17 1957   0.10  -0.10     0.00
  MONTH TO DATE    0.00                      0.10  -0.10     0.00
  SINCE MAR 1      0.86                      4.34  -3.48     4.72
  SINCE JAN 1      6.29                      9.86  -3.57    11.30

SNOWFALL (IN)
  TODAY            0.0
  MONTH TO DATE    0.0
  SINCE JUL 1      0.0

DEGREE DAYS
 HEATING
  TODAY            0                         2     -2        2
  MONTH TO DATE    0                         2     -2        2
  SINCE MAR 1     35                        99    -64       82
  SINCE JUL 1    682                       781    -99      595

 COOLING
  TODAY            9                         3      6        0
  MONTH TO DATE    9                         3      6        0
  SINCE MAR 1    199                        80    119       59
  SINCE JAN 1    239                       145     94      143
..................................................................


WIND (MPH)
  HIGHEST WIND SPEED    18   HIGHEST WIND DIRECTION     W (250)
  HIGHEST GUST SPEED    27   HIGHEST GUST DIRECTION     W (280)
  AVERAGE WIND SPEED     9.6


SKY COVER
  AVERAGE SKY COVER 0.4


WEATHER CONDITIONS
 THE FOLLOWING WEATHER WAS RECORDED TODAY.
  FOG


RELATIVE HUMIDITY (PERCENT)
 HIGHEST   100           200 AM
 LOWEST     44           300 PM
 AVERAGE    72

..........................................................


THE DAYTONA BEACH CLIMATE NORMALS FOR TOMORROW
                         NORMAL    RECORD    YEAR
 MAXIMUM TEMPERATURE (F)   77        91      1974
 MINIMUM TEMPERATURE (F)   57        39      1987


SUNRISE AND SUNSET
APRIL  1 2015.........SUNRISE   714 AM EDT   SUNSET   742 PM EDT
APRIL  2 2015.........SUNRISE   713 AM EDT   SUNSET   743 PM EDT


-  INDICATES NEGATIVE NUMBERS.
R  INDICATES RECORD WAS SET OR TIED.
MM INDICATES DATA IS MISSING.
T  INDICATES TRACE AMOUNT.

&&

DAYTONA BEACH SURF TEMPERATURE 63 DEGREES.

$$
