000
CDUS42 KMLB 280629
CLIDAB


CLIMATE REPORT
NATIONAL WEATHER SERVICE MELBOURNE FL
228 AM EDT TUE APR 28 2015


...................................

...THE DAYTONA BEACH CLIMATE SUMMARY FOR APRIL 27 2015...

CLIMATE NORMAL PERIOD 1981 TO 2010
CLIMATE RECORD PERIOD 1923 TO 2015


WEATHER ITEM   OBSERVED TIME   RECORD YEAR NORMAL DEPARTURE LAST
                VALUE   (LST)  VALUE       VALUE  FROM      YEAR
                                                  NORMAL
..................................................................
TEMPERATURE (F)
 YESTERDAY
  MAXIMUM         83   1158 AM  93    1989  81      2       85
  MINIMUM         70   1159 PM  46    1926  61      9       66
  AVERAGE         77                        71      6       76

PRECIPITATION (IN)
  YESTERDAY        0.07          0.90 2005   0.05   0.02     0.00
  MONTH TO DATE    5.28                      2.02   3.26     2.23
  SINCE MAR 1      6.14                      6.26  -0.12     6.95
  SINCE JAN 1     11.57                     11.78  -0.21    13.53

SNOWFALL (IN)
  YESTERDAY        0.0
  MONTH TO DATE    0.0
  SINCE JUL 1      0.0

DEGREE DAYS
 HEATING
  YESTERDAY        0                         0      0        0
  MONTH TO DATE    0                        27    -27        9
  SINCE MAR 1     35                       124    -89       89
  SINCE JUL 1    682                       806   -124      602

 COOLING
  YESTERDAY       12                         6      6       11
  MONTH TO DATE  288                       125    163      151
  SINCE MAR 1    478                       202    276      210
  SINCE JAN 1    518                       267    251      294
..................................................................


WIND (MPH)
  HIGHEST WIND SPEED    17   HIGHEST WIND DIRECTION     W (250)
  HIGHEST GUST SPEED    20   HIGHEST GUST DIRECTION    SW (240)
  AVERAGE WIND SPEED     7.5


SKY COVER
  AVERAGE SKY COVER 1.0


WEATHER CONDITIONS
 THE FOLLOWING WEATHER WAS RECORDED YESTERDAY.
  LIGHT RAIN
  FOG


RELATIVE HUMIDITY (PERCENT)
 HIGHEST   100           600 AM
 LOWEST     69          1100 AM
 AVERAGE    85

..........................................................


THE DAYTONA BEACH CLIMATE NORMALS FOR TODAY
                         NORMAL    RECORD    YEAR
 MAXIMUM TEMPERATURE (F)   81        95      1968
 MINIMUM TEMPERATURE (F)   61        46      1977
                                             1946


SUNRISE AND SUNSET
APRIL 28 2015.........SUNRISE   645 AM EDT   SUNSET   758 PM EDT
APRIL 29 2015.........SUNRISE   645 AM EDT   SUNSET   759 PM EDT


-  INDICATES NEGATIVE NUMBERS.
R  INDICATES RECORD WAS SET OR TIED.
MM INDICATES DATA IS MISSING.
T  INDICATES TRACE AMOUNT.




$$
