000
CDUS41 KILN 030620
CLIDAY


CLIMATE REPORT
NATIONAL WEATHER SERVICE WILMINGTON OH
220 AM EDT SUN MAY 3 2015


...................................

...THE DAYTON OH CLIMATE SUMMARY FOR MAY 2 2015...

CLIMATE NORMAL PERIOD 1981 TO 2010
CLIMATE RECORD PERIOD 1869 TO 2015


WEATHER ITEM   OBSERVED TIME   RECORD YEAR NORMAL DEPARTURE LAST
                VALUE   (LST)  VALUE       VALUE  FROM      YEAR
                                                  NORMAL
..................................................................
TEMPERATURE (F)
 YESTERDAY
  MAXIMUM         75    448 PM  87    1959  68      7       57
                                      1951
                                      1901
  MINIMUM         50    616 AM  31    1994  47      3       47
                                      1961
  AVERAGE         63                        57      6       52

PRECIPITATION (IN)
  YESTERDAY        0.00          2.61 1935   0.14  -0.14     0.00
  MONTH TO DATE    0.00                      0.29  -0.29     0.00
  SINCE MAR 1      9.17                      7.72   1.45     8.42
  SINCE JAN 1     13.53                     12.67   0.86    13.40

SNOWFALL (IN)
  YESTERDAY        0.0           0.5  1897   0.0    0.0      0.0
  MONTH TO DATE    0.0                       0.0    0.0      0.0
  SINCE MAR 1      5.7                       4.0    1.7      8.2
  SINCE JUL 1     27.7                      23.3    4.4     53.6
  SNOW DEPTH       0

DEGREE DAYS
 HEATING
  YESTERDAY        2                         8     -6       13
  MONTH TO DATE    8                        17     -9       27
  SINCE MAR 1   1139                      1193    -54     1236
  SINCE JUL 1   5702                      5468    234     5835

 COOLING
  YESTERDAY        0                         1     -1        0
  MONTH TO DATE    0                         2     -2        0
  SINCE MAR 1      4                        12     -8        8
  SINCE JAN 1      4                        12     -8        8
..................................................................


WIND (MPH)
  RESULTANT WIND SPEED   3   RESULTANT WIND DIRECTION   W (270)
  HIGHEST WIND SPEED    15   HIGHEST WIND DIRECTION     W (260)
  HIGHEST GUST SPEED    19   HIGHEST GUST DIRECTION     W (270)
  AVERAGE WIND SPEED     4.3



WEATHER CONDITIONS
 THE FOLLOWING WEATHER WAS RECORDED YESTERDAY.
  NO SIGNIFICANT WEATHER WAS OBSERVED.


RELATIVE HUMIDITY (PERCENT)
 HIGHEST    71           400 AM
 LOWEST     31           300 PM
 AVERAGE    51

..........................................................


THE DAYTON OH CLIMATE NORMALS FOR TODAY
                         NORMAL    RECORD    YEAR
 MAXIMUM TEMPERATURE (F)   68        90      1899
 MINIMUM TEMPERATURE (F)   47        32      2005


SUNRISE AND SUNSET
MAY  3 2015...........SUNRISE   635 AM EDT   SUNSET   833 PM EDT
MAY  4 2015...........SUNRISE   634 AM EDT   SUNSET   834 PM EDT


-  INDICATES NEGATIVE NUMBERS.
R  INDICATES RECORD WAS SET OR TIED.
MM INDICATES DATA IS MISSING.
T  INDICATES TRACE AMOUNT.




$$
