000
CDUS41 KALY 270638
CLIDDH


CLIMATE REPORT
NATIONAL WEATHER SERVICE ALBANY NY
237 AM EDT MON APR 27 2015


...................................

...THE BENNINGTON VT CLIMATE SUMMARY FOR APRIL 26 2015...

CLIMATE NORMAL PERIOD 1981 TO 2010
CLIMATE RECORD PERIOD 9999 TO 9999


WEATHER ITEM   OBSERVED TIME   NORMAL DEPARTURE LAST
                VALUE   (LST)  VALUE  FROM      YEAR
                                      NORMAL
......................................................
TEMPERATURE (F)
 YESTERDAY
  MAXIMUM         56    234 PM  61     -5       55
  MINIMUM         40    604 AM  38      2       42
  AVERAGE         48            50     -2       49

PRECIPITATION (IN)
  YESTERDAY        0.00          0.10  -0.10     0.58
  MONTH TO DATE    2.04          2.83  -0.79     1.77
  SINCE MAR 1      3.18          5.98  -2.80     3.92
  SINCE JAN 1      6.59         10.97  -4.38     9.78

DEGREE DAYS
 HEATING
  YESTERDAY       17            16      1       16
  MONTH TO DATE  548           528     20      509
  SINCE MAR 1   1719          1512    207     1667
  SINCE JUL 1   7221          6763    458     6915

 COOLING
  YESTERDAY        0             0      0        0
  MONTH TO DATE    0             0      0        4
  SINCE MAR 1      0             0      0        4
  SINCE JAN 1      0             0      0        4
......................................................


WIND (MPH)
  HIGHEST WIND SPEED    14   HIGHEST WIND DIRECTION     W (260)
  HIGHEST GUST SPEED    21   HIGHEST GUST DIRECTION     W (270)
  AVERAGE WIND SPEED     3.9


SKY COVER
  AVERAGE SKY COVER 1.0



RELATIVE HUMIDITY (PERCENT)
 HIGHEST    79           600 AM
 LOWEST     41           200 PM
 AVERAGE    60

..........................................................


THE BENNINGTON VT CLIMATE NORMALS FOR TODAY
                         NORMAL
 MAXIMUM TEMPERATURE (F)   61
 MINIMUM TEMPERATURE (F)   38


SUNRISE AND SUNSET
APRIL 27 2015.........SUNRISE   553 AM EDT   SUNSET   749 PM EDT
APRIL 28 2015.........SUNRISE   552 AM EDT   SUNSET   750 PM EDT


-  INDICATES NEGATIVE NUMBERS.
R  INDICATES RECORD WAS SET OR TIED.
MM INDICATES DATA IS MISSING.
T  INDICATES TRACE AMOUNT.




$$
