000
CDUS45 KCYS 250813
CLIDGW


CLIMATE REPORT
NATIONAL WEATHER SERVICE CHEYENNE WY
213 AM MDT SAT APR 25 2015


...................................

...THE DOUGLAS WY AIRPORT CLIMATE SUMMARY FOR APRIL 24 2015...

CLIMATE NORMAL PERIOD 1981 TO 2010
CLIMATE RECORD PERIOD 1998 TO 2015


WEATHER ITEM   OBSERVED TIME   RECORD YEAR NORMAL DEPARTURE LAST
                VALUE   (LST)  VALUE       VALUE  FROM      YEAR
                                                  NORMAL
..................................................................
TEMPERATURE (F)
 YESTERDAY
  MAXIMUM         69    452 PM  87    2012  60      9       64
  MINIMUM         34    455 AM  20    2013  32      2       25
  AVERAGE         52                        46      6       45

PRECIPITATION (IN)
  YESTERDAY        0.02          0.65 2003   0.06  -0.04     0.00
  MONTH TO DATE    2.38                      1.12   1.26     0.73
  SINCE JAN 1      3.76                      2.76   1.00     2.97

DEGREE DAYS
 HEATING
  YESTERDAY       13                        19     -6       20
  MONTH TO DATE  513                       531    -18      510
  SINCE MAR 1   1269                      1449   -180     1402
  SINCE JUL 1   6272                      6849   -577     6992

 COOLING
  YESTERDAY        0                         0      0        0
  MONTH TO DATE    0                         0      0        0
  SINCE MAR 1      1                         0      1        0
  SINCE JAN 1      1                         0      1        0
..................................................................


WIND (MPH)
  HIGHEST WIND SPEED    30   HIGHEST WIND DIRECTION    NE (60)
  HIGHEST GUST SPEED    36   HIGHEST GUST DIRECTION    NE (60)
  AVERAGE WIND SPEED     7.7


SKY COVER
  AVERAGE SKY COVER 0.2


WEATHER CONDITIONS
 THE FOLLOWING WEATHER WAS RECORDED YESTERDAY.
  THUNDERSTORM


RELATIVE HUMIDITY (PERCENT)
 HIGHEST    92           200 AM
 LOWEST     19           500 PM
 AVERAGE    56

..........................................................


THE DOUGLAS WY AIRPORT CLIMATE NORMALS FOR TODAY
                         NORMAL    RECORD    YEAR
 MAXIMUM TEMPERATURE (F)   61        77      2012
 MINIMUM TEMPERATURE (F)   32        19      2002


SUNRISE AND SUNSET
APRIL 25 2015.........SUNRISE   605 AM MDT   SUNSET   755 PM MDT
APRIL 26 2015.........SUNRISE   603 AM MDT   SUNSET   756 PM MDT


-  INDICATES NEGATIVE NUMBERS.
R  INDICATES RECORD WAS SET OR TIED.
MM INDICATES DATA IS MISSING.
T  INDICATES TRACE AMOUNT.




$$
