000
CDUS44 KTAE 030643
CLIDHN


CLIMATE REPORT
NATIONAL WEATHER SERVICE TALLAHASSEE FL
242 AM EDT SUN MAY 3 2015


...................................

...THE DOTHAN CLIMATE SUMMARY FOR MAY 2 2015...

CLIMATE NORMAL PERIOD 1981 TO 2010
CLIMATE RECORD PERIOD 1965 TO 2015


WEATHER ITEM   OBSERVED TIME   NORMAL DEPARTURE LAST
                VALUE   (LST)  VALUE  FROM      YEAR
                                      NORMAL
......................................................
TEMPERATURE (F)
 YESTERDAY
  MAXIMUM         80    309 PM  83     -3       71
  MINIMUM         49    513 AM  58     -9       56
  AVERAGE         65            71     -6       64

PRECIPITATION (IN)
  YESTERDAY        0.00          0.09  -0.09     0.09
  MONTH TO DATE    0.00          0.18  -0.18     0.09
  SINCE MAR 1     12.16          9.58   2.58    18.74
  SINCE JAN 1     18.83         18.98  -0.15    26.47

SNOWFALL (IN)
  YESTERDAY        0.0

DEGREE DAYS
 HEATING
  YESTERDAY        0             1     -1        1
  MONTH TO DATE    0             2     -2        3
  SINCE MAR 1    133           283   -150      341
  SINCE JUL 1   1820          1842    -22     2006

 COOLING
  YESTERDAY        0             6     -6        0
  MONTH TO DATE    0            12    -12        0
  SINCE MAR 1    240           123    117       97
  SINCE JAN 1    244           133    111      106
......................................................


WIND (MPH)
  HIGHEST WIND SPEED    10   HIGHEST WIND DIRECTION     S (190)
  HIGHEST GUST SPEED    13   HIGHEST GUST DIRECTION     S (180)
  AVERAGE WIND SPEED     3.9








-  INDICATES NEGATIVE NUMBERS.
R  INDICATES RECORD WAS SET OR TIED.
MM INDICATES DATA IS MISSING.
T  INDICATES TRACE AMOUNT.




$$
