000
CDUS43 KBIS 050738
CLIDIK


CLIMATE REPORT
NATIONAL WEATHER SERVICE BISMARCK ND
238 AM CDT TUE MAY 5 2015


...................................

...THE DICKINSON ND CLIMATE SUMMARY FOR MAY 4 2015...

CLIMATE NORMAL PERIOD 1981 TO 2010
CLIMATE RECORD PERIOD 1893 TO 2015


WEATHER ITEM   OBSERVED TIME   RECORD YEAR NORMAL DEPARTURE LAST
                VALUE   (LST)  VALUE       VALUE  FROM      YEAR
                                                  NORMAL
..................................................................
TEMPERATURE (F)
 YESTERDAY
  MAXIMUM         65    112 PM  92    1926  63      2       46
  MINIMUM         33    500 AM   9    1967  36     -3       31
  AVERAGE         49                        49      0       39

PRECIPITATION (IN)
  YESTERDAY        0.00          0.44 1950   0.06  -0.06      T
  MONTH TO DATE    0.00                      0.27  -0.27      T
  SINCE MAR 1      1.50                      2.43  -0.93     1.69
  SINCE JAN 1      1.77                      3.06  -1.29     1.86

DEGREE DAYS
 HEATING
  YESTERDAY       16                        16      0       26
  MONTH TO DATE   45                        66    -21       81
  SINCE MAR 1   1512                      1834   -322     2052
  SINCE JUL 1   7627                      8128   -501     8694

 COOLING
  YESTERDAY        0                         0      0        0
  MONTH TO DATE    0                         0      0        0
  SINCE MAR 1      0                         1     -1        0
  SINCE JAN 1      0                         1     -1        0
..................................................................


WIND (MPH)
  HIGHEST WIND SPEED    30   HIGHEST WIND DIRECTION     S (180)
  HIGHEST GUST SPEED    36   HIGHEST GUST DIRECTION     S (180)
  AVERAGE WIND SPEED    15.4


SKY COVER
  POSSIBLE SUNSHINE  MM
  AVERAGE SKY COVER 0.0


WEATHER CONDITIONS
 THE FOLLOWING WEATHER WAS RECORDED YESTERDAY.
  NO SIGNIFICANT WEATHER WAS OBSERVED.


RELATIVE HUMIDITY (PERCENT)
 HIGHEST    69           500 AM
 LOWEST     25           900 AM
 AVERAGE    47

..........................................................


THE DICKINSON ND CLIMATE NORMALS FOR TODAY
                         NORMAL    RECORD    YEAR
 MAXIMUM TEMPERATURE (F)   63        94      1926
 MINIMUM TEMPERATURE (F)   36        14      1944


SUNRISE AND SUNSET
MAY  5 2015...........SUNRISE   530 AM MDT   SUNSET   806 PM MDT
MAY  6 2015...........SUNRISE   529 AM MDT   SUNSET   808 PM MDT


-  INDICATES NEGATIVE NUMBERS.
R  INDICATES RECORD WAS SET OR TIED.
MM INDICATES DATA IS MISSING.
T  INDICATES TRACE AMOUNT.




$$
