000
CDUS42 KAKQ 260533
CLIECG


CLIMATE REPORT
NATIONAL WEATHER SERVICE WAKEFIELD, VA
133 AM EDT SUN APR 26 2015


...................................

...THE ELIZABETH CITY NC CLIMATE SUMMARY FOR APRIL 25 2015...

CLIMATE NORMAL PERIOD 1981 TO 2010
CLIMATE RECORD PERIOD 1934 TO 2015


WEATHER ITEM   OBSERVED TIME   RECORD YEAR NORMAL DEPARTURE LAST
                VALUE   (LST)  VALUE       VALUE  FROM      YEAR
                                                  NORMAL
..................................................................
TEMPERATURE (F)
 YESTERDAY
  MAXIMUM         59   1205 PM  92    1960  72    -13       74
  MINIMUM         49    802 PM  35    1999  50     -1       47
  AVERAGE         54                        61     -7       61

PRECIPITATION (IN)
  YESTERDAY        0.03          1.17 2014   0.09  -0.06     1.17
  MONTH TO DATE    3.61                      2.66   0.95     3.60
  SINCE MAR 1      6.58                      6.64  -0.06     6.01
  SINCE JAN 1     13.38                     13.08   0.30    10.15

SNOWFALL (IN)
  YESTERDAY        0.0           0.0  2002  MM     MM
  MONTH TO DATE    0.0                      MM     MM
  SINCE NOV 1      T                        MM     MM
  SINCE JUL 1      T                        MM     MM
  SNOW DEPTH       0

DEGREE DAYS
 HEATING
  YESTERDAY       11                         5      6        4
  MONTH TO DATE  144                       199    -55      170
  SINCE MAR 1    626                       664    -38      718
  SINCE JUL 1   3160                      3136     24     3293

 COOLING
  YESTERDAY        0                         2     -2        0
  MONTH TO DATE   28                        27      1       22
  SINCE MAR 1     33                        32      1       22
  SINCE JAN 1     35                        34      1       22
..................................................................


WIND (MPH)
  HIGHEST WIND SPEED    17   HIGHEST WIND DIRECTION     N (20)
  HIGHEST GUST SPEED    21   HIGHEST GUST DIRECTION     N (10)
  AVERAGE WIND SPEED     9.4


SKY COVER
  POSSIBLE SUNSHINE  MM
  AVERAGE SKY COVER 0.7


WEATHER CONDITIONS
 THE FOLLOWING WEATHER WAS RECORDED YESTERDAY.
  THUNDERSTORM
  RAIN
  LIGHT RAIN
  FOG


RELATIVE HUMIDITY (PERCENT)
 HIGHEST    83           200 AM
 LOWEST     36          1100 AM
 AVERAGE    60

..........................................................


THE ELIZABETH CITY NC CLIMATE NORMALS FOR TODAY
                         NORMAL    RECORD    YEAR
 MAXIMUM TEMPERATURE (F)   72        93      1990
 MINIMUM TEMPERATURE (F)   51        38      2001


SUNRISE AND SUNSET
APRIL 26 2015.........SUNRISE   618 AM EDT   SUNSET   748 PM EDT
APRIL 27 2015.........SUNRISE   617 AM EDT   SUNSET   749 PM EDT


-  INDICATES NEGATIVE NUMBERS.
R  INDICATES RECORD WAS SET OR TIED.
MM INDICATES DATA IS MISSING.
T  INDICATES TRACE AMOUNT.




$$
