000
CDUS45 KLKN 050935
CLIEKO


CLIMATE REPORT
NATIONAL WEATHER SERVICE ELKO NV
235 AM PDT TUE MAY 5 2015


...................................

...THE ELKO AIRPORT NV CLIMATE SUMMARY FOR MAY 4 2015...

CLIMATE NORMAL PERIOD 1981 TO 2010
CLIMATE RECORD PERIOD 1888 TO 2015


WEATHER ITEM   OBSERVED TIME   RECORD YEAR NORMAL DEPARTURE LAST
                VALUE   (LST)  VALUE       VALUE  FROM      YEAR
                                                  NORMAL
..................................................................
TEMPERATURE (F)
 YESTERDAY
  MAXIMUM         78    150 PM  87    1918  65     13       77
  MINIMUM         38    524 AM  16    1899  35      3       48
  AVERAGE         58                        50      8       63

PRECIPITATION (IN)
  YESTERDAY        0.00          0.76 1971   0.03  -0.03     0.00
  MONTH TO DATE    T                         0.13  -0.13     0.00
  SINCE OCT 1      3.62                      7.12  -3.50     6.24
  SINCE JAN 1      1.38                      4.06  -2.68     4.63

SNOWFALL (IN)
  YESTERDAY        0.0           4.0  1975   0.0    0.0      0.0
  MONTH TO DATE    0.0                       0.1   -0.1      0.0
  SINCE MAR 1      2.9                       8.4   -5.5      7.9
  SINCE JUL 1     12.3                      40.9  -28.6     20.2
  SNOW DEPTH       0

DEGREE DAYS
 HEATING
  YESTERDAY        7                        15     -8        2
  MONTH TO DATE   21                        62    -41       28
  SINCE MAR 1   1229                      1465   -236     1372
  SINCE JUL 1   5237                      6633  -1396     6103

 COOLING
  YESTERDAY        0                         0      0        0
  MONTH TO DATE    0                         0      0        0
  SINCE MAR 1      0                         0      0        0
  SINCE JAN 1      0                         0      0        0
..................................................................


WIND (MPH)
  HIGHEST WIND SPEED    25   HIGHEST WIND DIRECTION     S (160)
  HIGHEST GUST SPEED    33   HIGHEST GUST DIRECTION    SE (150)
  AVERAGE WIND SPEED     6.0



WEATHER CONDITIONS
 THE FOLLOWING WEATHER WAS RECORDED YESTERDAY.
  THUNDERSTORM


RELATIVE HUMIDITY (PERCENT)
 HIGHEST    73           500 AM
 LOWEST     16           200 PM
 AVERAGE    45

..........................................................


THE ELKO AIRPORT NV CLIMATE NORMALS FOR TODAY
                         NORMAL    RECORD    YEAR
 MAXIMUM TEMPERATURE (F)   66        86      1947
 MINIMUM TEMPERATURE (F)   35        15      1961


SUNRISE AND SUNSET
MAY  5 2015...........SUNRISE   537 AM PDT   SUNSET   744 PM PDT
MAY  6 2015...........SUNRISE   536 AM PDT   SUNSET   745 PM PDT


-  INDICATES NEGATIVE NUMBERS.
R  INDICATES RECORD WAS SET OR TIED.
MM INDICATES DATA IS MISSING.
T  INDICATES TRACE AMOUNT.




$$
