000
CDUS45 KSLC 281225
CLIEVW


CLIMATE REPORT
NATIONAL WEATHER SERVICE SALT LAKE CITY UT
625 AM MDT TUE APR 28 2015


...................................

...THE EVANSTON WY CLIMATE SUMMARY FOR APRIL 27 2015...

CLIMATE NORMAL PERIOD 1981 TO 2010
CLIMATE RECORD PERIOD 9999 TO 9999


WEATHER ITEM   OBSERVED TIME   RECORD YEAR NORMAL DEPARTURE LAST
                VALUE   (LST)  VALUE       VALUE  FROM      YEAR
                                                  NORMAL
..................................................................
TEMPERATURE (F)
 YESTERDAY
  MAXIMUM         54    534 PM  MM      MM  54      0       44
  MINIMUM         33    144 AM  MM      MM  32      1       25
  AVERAGE         44                        43      1       35

PRECIPITATION (IN)
  YESTERDAY        0.00         MM      MM   0.05  -0.05      T
  MONTH TO DATE    0.57                      0.99  -0.42     0.22
  SINCE OCT 1      2.90                      5.79  -2.89     1.53
  SINCE JAN 1      2.02                      3.00  -0.98     0.33

DEGREE DAYS
 HEATING
  YESTERDAY       21                        22     -1       30
  MONTH TO DATE  648                       705    -57      649
  SINCE MAR 1   1415                      1765   -350     1601
  SINCE JUL 1   6387                      7773  -1386     7251

 COOLING
  YESTERDAY        0                         0      0        0
  MONTH TO DATE    0                         0      0        0
  SINCE MAR 1      0                         0      0        0
  SINCE JAN 1      0                         0      0        0
..................................................................


WIND (MPH)
  RESULTANT WIND SPEED   5   RESULTANT WIND DIRECTION   N (20)
  HIGHEST WIND SPEED    13   HIGHEST WIND DIRECTION    NE (50)
  HIGHEST GUST SPEED    17   HIGHEST GUST DIRECTION    NE (40)
  AVERAGE WIND SPEED     7.0


SKY COVER
  POSSIBLE SUNSHINE  MM
  AVERAGE SKY COVER 0.7


WEATHER CONDITIONS
 THE FOLLOWING WEATHER WAS RECORDED YESTERDAY.
  NO SIGNIFICANT WEATHER WAS OBSERVED.


RELATIVE HUMIDITY (PERCENT)
 HIGHEST    96           600 AM
 LOWEST     41           600 PM
 AVERAGE    69

..........................................................


THE EVANSTON WY CLIMATE NORMALS FOR TODAY
                         NORMAL    RECORD    YEAR
 MAXIMUM TEMPERATURE (F)   54        MM        MM
 MINIMUM TEMPERATURE (F)   32        MM        MM


SUNRISE AND SUNSET
APRIL 28 2015.........SUNRISE   626 AM MDT   SUNSET   818 PM MDT
APRIL 29 2015.........SUNRISE   625 AM MDT   SUNSET   819 PM MDT


-  INDICATES NEGATIVE NUMBERS.
R  INDICATES RECORD WAS SET OR TIED.
MM INDICATES DATA IS MISSING.
T  INDICATES TRACE AMOUNT.




$$
