000
CDUS43 KLMK 030626
CLIFFT


CLIMATE REPORT
NATIONAL WEATHER SERVICE LOUISVILLE KY
226 AM EDT SUN MAY 3 2015


...................................

...THE FRANKFORT KY CLIMATE SUMMARY FOR MAY 2 2015...

CLIMATE NORMAL PERIOD 1981 TO 2010
CLIMATE RECORD PERIOD 1895 TO 2015


WEATHER ITEM   OBSERVED TIME   RECORD YEAR NORMAL DEPARTURE LAST
                VALUE   (LST)  VALUE       VALUE  FROM      YEAR
                                                  NORMAL
..................................................................
TEMPERATURE (F)
 YESTERDAY
  MAXIMUM         75    317 PM  92    1951  72      3       59
  MINIMUM         43    442 AM  32    1961  48     -5       40
  AVERAGE         59                        60     -1       50

PRECIPITATION (IN)
  YESTERDAY        0.00          3.67 2010   0.16  -0.16     0.00
  MONTH TO DATE    0.00                      0.32  -0.32     0.00
  SINCE MAR 1     18.92                      8.39  10.53     8.83
  SINCE JAN 1     22.48                     14.94   7.54    15.03

SNOWFALL (IN)
  YESTERDAY       MM            MM      MM  MM     MM       MM
  MONTH TO DATE   MM                        MM     MM       MM
  SINCE MAR 1     MM                        MM     MM       MM
  SINCE JUL 1     MM                        MM     MM       MM
  SNOW DEPTH      MM

DEGREE DAYS
 HEATING
  YESTERDAY        6                         6      0       15
  MONTH TO DATE   14                        12      2       28
  SINCE MAR 1    959                       951      8     1030
  SINCE JUL 1   5079                      4590    489     5142

 COOLING
  YESTERDAY        0                         1     -1        0
  MONTH TO DATE    0                         2     -2        0
  SINCE MAR 1      8                        22    -14        8
  SINCE JAN 1      8                        22    -14        8
..................................................................


WIND (MPH)
  HIGHEST WIND SPEED    13   HIGHEST WIND DIRECTION    SW (220)
  HIGHEST GUST SPEED    16   HIGHEST GUST DIRECTION     S (200)
  AVERAGE WIND SPEED     1.5


SKY COVER
  POSSIBLE SUNSHINE  MM
  AVERAGE SKY COVER 0.2


WEATHER CONDITIONS
 THE FOLLOWING WEATHER WAS RECORDED YESTERDAY.
  NO SIGNIFICANT WEATHER WAS OBSERVED.


RELATIVE HUMIDITY (PERCENT)
 HIGHEST    89           500 AM
 LOWEST     31          1200 PM
 AVERAGE    60

..........................................................


THE FRANKFORT KY CLIMATE NORMALS FOR TODAY
                         NORMAL    RECORD    YEAR
 MAXIMUM TEMPERATURE (F)   72        90      1959
                                             1952
 MINIMUM TEMPERATURE (F)   49        30      2005


SUNRISE AND SUNSET
MAY  3 2015...........SUNRISE   641 AM EDT   SUNSET   832 PM EDT
MAY  4 2015...........SUNRISE   640 AM EDT   SUNSET   833 PM EDT


-  INDICATES NEGATIVE NUMBERS.
R  INDICATES RECORD WAS SET OR TIED.
MM INDICATES DATA IS MISSING.
T  INDICATES TRACE AMOUNT.




$$
