000
CDUS42 KMFL 210836
CLIFLL


CLIMATE REPORT
NATIONAL WEATHER SERVICE MIAMI, FL
436 AM EDT TUE APR 21 2015


...................................

...THE FORT LAUDERDALE CLIMATE SUMMARY FOR APRIL 20 2015...

CLIMATE NORMAL PERIOD 1981 TO 2010
CLIMATE RECORD PERIOD 1839 TO 2015


WEATHER ITEM   OBSERVED TIME   RECORD YEAR NORMAL DEPARTURE LAST
                VALUE   (LST)  VALUE       VALUE  FROM      YEAR
                                                  NORMAL
..................................................................
TEMPERATURE (F)
 YESTERDAY
  MAXIMUM         88    246 PM  91    1969  83      5       80
  MINIMUM         78    507 PM  55    1983  70      8       66
                                      1936
  AVERAGE         83                        77      6       73

PRECIPITATION (IN)
  YESTERDAY        0.04          1.60 1934   0.11  -0.07     0.00
  MONTH TO DATE    0.35                      2.08  -1.73     4.22
  SINCE NOV 1     13.42                     17.73  -4.31    24.51
  SINCE JAN 1      8.31                     12.03  -3.72    12.39

SNOWFALL (IN)
  YESTERDAY        0.0
  MONTH TO DATE    0.0
  SINCE MAR 1      0.0
  SINCE JUL 1      0.0
  SNOW DEPTH       0

DEGREE DAYS
 HEATING
  YESTERDAY        0                         0      0        0
  MONTH TO DATE    0                         0      0        0
  SINCE MAR 1      0                         9     -9        1
  SINCE JUL 1     97                       111    -14       81

 COOLING
  YESTERDAY       18                        12      6        8
  MONTH TO DATE  297                       213     84      249
  SINCE MAR 1    629                       467    162      521
  SINCE JAN 1    910                       823     87      909
..................................................................


WIND (MPH)
  HIGHEST WIND SPEED    21   HIGHEST WIND DIRECTION     W (280)
  HIGHEST GUST SPEED    28   HIGHEST GUST DIRECTION     W (280)
  AVERAGE WIND SPEED     9.4


SKY COVER
  AVERAGE SKY COVER 0.8


WEATHER CONDITIONS
 THE FOLLOWING WEATHER WAS RECORDED YESTERDAY.
  LIGHT RAIN


RELATIVE HUMIDITY (PERCENT)
 HIGHEST    85
 LOWEST     63
 AVERAGE    74

..........................................................


THE FORT LAUDERDALE CLIMATE NORMALS FOR TODAY
                         NORMAL    RECORD    YEAR
 MAXIMUM TEMPERATURE (F)   83        89      1959
 MINIMUM TEMPERATURE (F)   70        49      1953


SUNRISE AND SUNSET
APRIL 21 2015.........SUNRISE   652 AM EDT   SUNSET   747 PM EDT
APRIL 22 2015.........SUNRISE   651 AM EDT   SUNSET   747 PM EDT


-  INDICATES NEGATIVE NUMBERS.
R  INDICATES RECORD WAS SET OR TIED.
MM INDICATES DATA IS MISSING.
T  INDICATES TRACE AMOUNT.




$$
