000
CDUS42 KILM 260841
CLIFLO


CLIMATE REPORT
NATIONAL WEATHER SERVICE WILMINGTON NC
441 AM EDT SUN APR 26 2015


...................................

...THE FLORENCE SC CLIMATE SUMMARY FOR APRIL 25 2015...

CLIMATE NORMAL PERIOD 1981 TO 2010
CLIMATE RECORD PERIOD 1948 TO 2015


WEATHER ITEM   OBSERVED TIME   RECORD YEAR NORMAL DEPARTURE LAST
                VALUE   (LST)  VALUE       VALUE  FROM      YEAR
                                                  NORMAL
..................................................................
TEMPERATURE (F)
 YESTERDAY
  MAXIMUM         71    547 PM  92    1960  78     -7       86
  MINIMUM         56    544 AM  39    2005  53      3       55
  AVERAGE         64                        66     -2       71

PRECIPITATION (IN)
  YESTERDAY        0.18          0.79 1978   0.09   0.09     0.00
  MONTH TO DATE    3.12                      2.19   0.93     3.82
  SINCE MAR 1      6.52                      5.52   1.00     8.37
  SINCE JAN 1     13.45                     11.67   1.78    14.09

SNOWFALL (IN)
  YESTERDAY       MM
  MONTH TO DATE   MM
  SINCE MAR 1     MM
  SINCE JUL 1     MM
  SNOW DEPTH      MM

DEGREE DAYS
 HEATING
  YESTERDAY        1                         3     -2        0
  MONTH TO DATE   32                       113    -81       88
  SINCE MAR 1    284                       423   -139      531
  SINCE JUL 1   2522                      2489     33     2660

 COOLING
  YESTERDAY        0                         3     -3        6
  MONTH TO DATE   90                        53     37       46
  SINCE MAR 1    114                        71     43       50
  SINCE JAN 1    117                        77     40       56
..................................................................


WIND (MPH)
  HIGHEST WIND SPEED    13   HIGHEST WIND DIRECTION     S (160)
  HIGHEST GUST SPEED    17   HIGHEST GUST DIRECTION    SW (230)
  AVERAGE WIND SPEED     6.4


SKY COVER
  POSSIBLE SUNSHINE  MM
  AVERAGE SKY COVER 0.7


WEATHER CONDITIONS
 THE FOLLOWING WEATHER WAS RECORDED YESTERDAY.
  RAIN
  LIGHT RAIN
  FOG


RELATIVE HUMIDITY (PERCENT)
 HIGHEST    93           800 PM
 LOWEST     62          1200 AM
 AVERAGE    78

..........................................................


THE FLORENCE SC CLIMATE NORMALS FOR TODAY
                         NORMAL    RECORD    YEAR
 MAXIMUM TEMPERATURE (F)   78        93      1990
 MINIMUM TEMPERATURE (F)   53        43      2001


SUNRISE AND SUNSET
APRIL 26 2015.........SUNRISE   635 AM EDT   SUNSET   759 PM EDT
APRIL 27 2015.........SUNRISE   634 AM EDT   SUNSET   800 PM EDT


-  INDICATES NEGATIVE NUMBERS.
R  INDICATES RECORD WAS SET OR TIED.
MM INDICATES DATA IS MISSING.
T  INDICATES TRACE AMOUNT.




$$
