000
CDUS42 KTBW 192114
CLIFMY


CLIMATE REPORT
NATIONAL WEATHER SERVICE TAMPA BAY FL
513 PM EDT SUN APR 19 2015


...................................

...THE FORT MYERS CLIMATE SUMMARY FOR APRIL 19 2015...
VALID TODAY AS OF 0500 PM LOCAL TIME.

CLIMATE NORMAL PERIOD 1981 TO 2010
CLIMATE RECORD PERIOD 1902 TO 2015


WEATHER ITEM   OBSERVED TIME   RECORD YEAR NORMAL DEPARTURE LAST
                VALUE   (LST)  VALUE       VALUE  FROM      YEAR
                                                  NORMAL
..................................................................
TEMPERATURE (F)
 TODAY
  MAXIMUM         90   1146 AM  93    1972  85      5       79
  MINIMUM         71    644 AM  49    2001  64      7       68
  AVERAGE         81                        74      7       74

PRECIPITATION (IN)
  TODAY            0.00          1.77 1994   0.07  -0.07     0.00
  MONTH TO DATE    0.25                      1.42  -1.17     0.93
  SINCE MAR 1      1.74                      4.30  -2.56     4.12
  SINCE JAN 1      4.93                      8.39  -3.46     7.56

DEGREE DAYS
 HEATING
  TODAY            0                         0      0        0
  MONTH TO DATE    0                         0      0        0
  SINCE MAR 1      0                        24    -24        9
  SINCE JUL 1    231                       284    -53      178

 COOLING
  TODAY           16                         9      7        9
  MONTH TO DATE  250                       155     95      182
  SINCE MAR 1    555                       331    224      343
  SINCE JAN 1    703                       516    187      604
..................................................................


WIND (MPH)
  RESULTANT WIND SPEED   6   RESULTANT WIND DIRECTION   S (190)
  HIGHEST WIND SPEED    20   HIGHEST WIND DIRECTION    SW (220)
  HIGHEST GUST SPEED    26   HIGHEST GUST DIRECTION    SW (210)
  AVERAGE WIND SPEED     7.2


SKY COVER
  POSSIBLE SUNSHINE  MM
  AVERAGE SKY COVER 0.0


WEATHER CONDITIONS
 THE FOLLOWING WEATHER WAS RECORDED TODAY.
  NO SIGNIFICANT WEATHER WAS OBSERVED.


RELATIVE HUMIDITY (PERCENT)
 HIGHEST   100           700 AM
 LOWEST     50          1100 AM

..........................................................


THE FORT MYERS CLIMATE NORMALS FOR TOMORROW
                         NORMAL    RECORD    YEAR
 MAXIMUM TEMPERATURE (F)   85        94      1944
 MINIMUM TEMPERATURE (F)   64        51      1983


SUNRISE AND SUNSET
APRIL 19 2015.........SUNRISE   700 AM EDT   SUNSET   753 PM EDT
APRIL 20 2015.........SUNRISE   659 AM EDT   SUNSET   754 PM EDT


-  INDICATES NEGATIVE NUMBERS.
R  INDICATES RECORD WAS SET OR TIED.
MM INDICATES DATA IS MISSING.
T  INDICATES TRACE AMOUNT.




$$


&&
------------------------------------------------------------------
******************** SUPPLEMENTAL DATA ***************************

...GULF WATER TEMPERATURE AT FORT MYERS BEACH 84
