000
CDUS43 KIWX 050022
CLIFWA


CLIMATE REPORT
NATIONAL WEATHER SERVICE NORTHERN INDIANA
821 PM EDT MON MAY 4 2015


...................................

...THE FORT WAYNE CLIMATE SUMMARY FOR MAY 4 2015...
VALID AS OF 0800 PM LOCAL TIME.

CLIMATE NORMAL PERIOD 1981 TO 2010
CLIMATE RECORD PERIOD 1897 TO 2015


WEATHER ITEM   OBSERVED TIME   RECORD YEAR NORMAL DEPARTURE LAST
                VALUE   (LST)  VALUE       VALUE  FROM      YEAR
                                                  NORMAL
..................................................................
TEMPERATURE (F)
 TODAY
  MAXIMUM         68    518 PM  87    1949  68      0       60
                                      1902
  MINIMUM         59    856 AM  27    2005  45     14       41
  AVERAGE         64                        57      7       51

PRECIPITATION (IN)
  TODAY            0.07          1.44 1990   0.11  -0.04     0.00
  MONTH TO DATE    0.07                      0.44  -0.37     0.01
  SINCE MAR 1      5.42                      6.67  -1.25     5.90
  SINCE JAN 1      9.19                     10.97  -1.78    12.14

SNOWFALL (IN)
  TODAY            0.0           T    1954   0.0    0.0      0.0
  MONTH TO DATE    0.0                       0.0    0.0      0.0
  SINCE MAR 1      8.6                       5.1    3.5     14.3
  SINCE JUL 1     45.1                      33.5   11.6     76.1
  SNOW DEPTH       0

DEGREE DAYS
 HEATING
  TODAY            1                         9     -8       14
  MONTH TO DATE   16                        38    -22       56
  SINCE MAR 1   1405                      1322     83     1572
  SINCE JUL 1   6554                      5920    634     6825

 COOLING
  TODAY            0                         0      0        0
  MONTH TO DATE    0                         0      0        0
  SINCE MAR 1      0                         8     -8        1
  SINCE JAN 1      0                         8     -8        1
..................................................................


WIND (MPH)
  RESULTANT WIND SPEED   9   RESULTANT WIND DIRECTION  SW (210)
  HIGHEST WIND SPEED    21   HIGHEST WIND DIRECTION    SW (220)
  HIGHEST GUST SPEED    26   HIGHEST GUST DIRECTION    SW (220)
  AVERAGE WIND SPEED     9.9


SKY COVER
  POSSIBLE SUNSHINE  MM
  AVERAGE SKY COVER 0.9


WEATHER CONDITIONS
 THE FOLLOWING WEATHER WAS RECORDED TODAY.
  LIGHT RAIN
  FOG


RELATIVE HUMIDITY (PERCENT)
 HIGHEST    90          1100 AM
 LOWEST     60          1200 AM
 AVERAGE    75

..........................................................


THE FORT WAYNE CLIMATE NORMALS FOR TOMORROW
                         NORMAL    RECORD    YEAR
 MAXIMUM TEMPERATURE (F)   68        89      1952
 MINIMUM TEMPERATURE (F)   45        29      1973


SUNRISE AND SUNSET
MAY  4 2015...........SUNRISE   635 AM EDT   SUNSET   840 PM EDT
MAY  5 2015...........SUNRISE   634 AM EDT   SUNSET   841 PM EDT


-  INDICATES NEGATIVE NUMBERS.
R  INDICATES RECORD WAS SET OR TIED.
MM INDICATES DATA IS MISSING.
T  INDICATES TRACE AMOUNT.




$$
