000
CDUS43 KIWX 010534
CLIFWA


CLIMATE REPORT
NATIONAL WEATHER SERVICE NORTHERN INDIANA
132 AM EDT WED APR 1 2015


...................................

...THE FORT WAYNE CLIMATE SUMMARY FOR MARCH 31 2015...

CLIMATE NORMAL PERIOD 1981 TO 2010
CLIMATE RECORD PERIOD 1897 TO 2015


WEATHER ITEM   OBSERVED TIME   RECORD YEAR NORMAL DEPARTURE LAST
                VALUE   (LST)  VALUE       VALUE  FROM      YEAR
                                                  NORMAL
..................................................................
TEMPERATURE (F)
 YESTERDAY
  MAXIMUM         57   1109 AM  82    1986  55      2       65
  MINIMUM         33   1159 PM   9    1923  34     -1       30
  AVERAGE         45                        44      1       48

PRECIPITATION (IN)
  YESTERDAY        0.00          1.43 1945   0.11  -0.11     0.00
  MONTH TO DATE    2.07                      2.71  -0.64     1.90
  SINCE MAR 1      2.07                      2.71  -0.64     1.90
  SINCE JAN 1      5.84                      7.01  -1.17     8.14

SNOWFALL (IN)
  YESTERDAY        0.0           1.6  1992   0.1   -0.1      0.0
  MONTH TO DATE    8.6                       4.1    4.5     13.2
  SINCE MAR 1      8.6                       4.1    4.5     13.2
  SINCE JUL 1     45.1                      32.5   12.6     75.0
  SNOW DEPTH       0

DEGREE DAYS
 HEATING
  YESTERDAY       20                        21     -1       17
  MONTH TO DATE  961                       827    134     1067
  SINCE MAR 1    961                       826    135     1067
  SINCE JUL 1   6110                      5424    686     6320

 COOLING
  YESTERDAY        0                         0      0        0
  MONTH TO DATE    0                         0      0        0
  SINCE MAR 1      0                         0      0        0
  SINCE JAN 1      0                         0      0        0
..................................................................


WIND (MPH)
  HIGHEST WIND SPEED    23   HIGHEST WIND DIRECTION    NW (330)
  HIGHEST GUST SPEED    29   HIGHEST GUST DIRECTION    NW (330)
  AVERAGE WIND SPEED    12.7


SKY COVER
  AVERAGE SKY COVER 0.6


WEATHER CONDITIONS
 THE FOLLOWING WEATHER WAS RECORDED YESTERDAY.
  NO SIGNIFICANT WEATHER WAS OBSERVED.


RELATIVE HUMIDITY (PERCENT)
 HIGHEST    82          1200 AM
 LOWEST     51          1100 AM
 AVERAGE    67

..........................................................


THE FORT WAYNE CLIMATE NORMALS FOR TODAY
                         NORMAL    RECORD    YEAR
 MAXIMUM TEMPERATURE (F)   55        82      2010
 MINIMUM TEMPERATURE (F)   34        18      1964
                                             1923
                                             1899


SUNRISE AND SUNSET
APRIL  1 2015.........SUNRISE   725 AM EDT   SUNSET   805 PM EDT
APRIL  2 2015.........SUNRISE   723 AM EDT   SUNSET   807 PM EDT


-  INDICATES NEGATIVE NUMBERS.
R  INDICATES RECORD WAS SET OR TIED.
MM INDICATES DATA IS MISSING.
T  INDICATES TRACE AMOUNT.




$$
