000
CDUS43 KUNR 040834
CLIGCC


CLIMATE REPORT
NATIONAL WEATHER SERVICE RAPID CITY SD
232 AM MDT MON MAY 4 2015


...................................

...THE GILLETTE AIRPORT WY CLIMATE SUMMARY FOR MAY 3 2015...

CLIMATE NORMAL PERIOD 1981 TO 2010
CLIMATE RECORD PERIOD 9999 TO 9999


WEATHER ITEM   OBSERVED TIME   NORMAL DEPARTURE LAST
                VALUE   (LST)  VALUE  FROM      YEAR
                                      NORMAL
......................................................
TEMPERATURE (F)
 YESTERDAY
  MAXIMUM         68    249 PM  62      6       60
  MINIMUM         44    537 AM  36      8       32
  AVERAGE         56            49      7       46

PRECIPITATION (IN)
  YESTERDAY        0.20          0.07   0.13     0.00
  MONTH TO DATE    0.20          0.21  -0.01     0.00
  SINCE MAR 1      1.85          2.64  -0.79     1.89
  SINCE JAN 1      2.70          3.42  -0.72     3.17

DEGREE DAYS
 HEATING
  YESTERDAY        9            16     -7       19
  MONTH TO DATE   25            50    -25       52
  SINCE MAR 1   1334          1658   -324     1657
  SINCE JUL 1   6424          7066   -642     7302

 COOLING
  YESTERDAY        0             0      0        0
  MONTH TO DATE    0             0      0        0
  SINCE MAR 1      0             0      0        0
  SINCE JAN 1      0             0      0        0
......................................................


WIND (MPH)
  HIGHEST WIND SPEED    20   HIGHEST WIND DIRECTION    NE (60)
  HIGHEST GUST SPEED    23   HIGHEST GUST DIRECTION    NE (60)
  AVERAGE WIND SPEED     9.8


SKY COVER
  AVERAGE SKY COVER 0.4


WEATHER CONDITIONS
 THE FOLLOWING WEATHER WAS RECORDED YESTERDAY.
  RAIN
  LIGHT RAIN
  FOG


RELATIVE HUMIDITY (PERCENT)
 HIGHEST    71           600 AM
 LOWEST     34           200 PM
 AVERAGE    53

..........................................................




SUNRISE AND SUNSET
MAY  4 2015...........SUNRISE   549 AM MDT   SUNSET   810 PM MDT
MAY  5 2015...........SUNRISE   548 AM MDT   SUNSET   811 PM MDT


-  INDICATES NEGATIVE NUMBERS.
R  INDICATES RECORD WAS SET OR TIED.
MM INDICATES DATA IS MISSING.
T  INDICATES TRACE AMOUNT.




$$
