000
CDUS43 KDDC 271011
CLIGCK


CLIMATE REPORT
NATIONAL WEATHER SERVICE DODGE CITY KS
511 AM CDT MON APR 27 2015


...................................

...THE GARDEN CITY REGIONAL ARPT KS CLIMATE SUMMARY FOR APRIL 26 2015...

CLIMATE NORMAL PERIOD 1981 TO 2010
CLIMATE RECORD PERIOD 1948 TO 2015


WEATHER ITEM   OBSERVED TIME   RECORD YEAR NORMAL DEPARTURE LAST
                VALUE   (LST)  VALUE       VALUE  FROM      YEAR
                                                  NORMAL
..................................................................
TEMPERATURE (F)
 YESTERDAY
  MAXIMUM         53   1243 AM  94    1956  71    -18       91
  MINIMUM         44   1159 PM  27    2006  43      1       55
  AVERAGE         49                        57     -8       73

PRECIPITATION (IN)
  YESTERDAY        0.02          0.62 1951   0.07  -0.05     0.00
  MONTH TO DATE    0.35                      1.45  -1.10     0.45
  SINCE MAR 1      0.67                      2.91  -2.24     0.49
  SINCE JAN 1      1.44                      3.79  -2.35     0.65

DEGREE DAYS
 HEATING
  YESTERDAY       16                         9      7
  MONTH TO DATE  268                       341    -73
  SINCE MAR 1    831                      1005   -174
  SINCE JUL 1   4739                      5029   -290

 COOLING
  YESTERDAY        0                         1     -1
  MONTH TO DATE    7                         7      0
  SINCE MAR 1      7                         7      0
  SINCE JAN 1      7                         7      0
..................................................................


WIND (MPH)
  HIGHEST WIND SPEED    26   HIGHEST WIND DIRECTION     E (90)
  HIGHEST GUST SPEED    33   HIGHEST GUST DIRECTION     E (90)
  AVERAGE WIND SPEED    18.1



WEATHER CONDITIONS
 THE FOLLOWING WEATHER WAS RECORDED YESTERDAY.
  LIGHT RAIN
  FOG


RELATIVE HUMIDITY (PERCENT)
 HIGHEST   100           300 AM
 LOWEST     89          1200 AM
 AVERAGE    95

..........................................................


THE GARDEN CITY REGIONAL ARPT KS CLIMATE NORMALS FOR TODAY
                         NORMAL    RECORD    YEAR
 MAXIMUM TEMPERATURE (F)   71        94      1981
 MINIMUM TEMPERATURE (F)   43        27      1984


SUNRISE AND SUNSET
APRIL 27 2015.........SUNRISE   652 AM CDT   SUNSET   830 PM CDT
APRIL 28 2015.........SUNRISE   651 AM CDT   SUNSET   831 PM CDT


-  INDICATES NEGATIVE NUMBERS.
R  INDICATES RECORD WAS SET OR TIED.
MM INDICATES DATA IS MISSING.
T  INDICATES TRACE AMOUNT.




$$
