000
CDUS44 KSHV 060737
CLIGGG


CLIMATE REPORT
NATIONAL WEATHER SERVICE SHREVEPORT, LA
236 AM CDT WED MAY 6 2015


...................................

...THE LONGVIEW CLIMATE SUMMARY FOR MAY 5 2015...

CLIMATE NORMAL PERIOD 1981 TO 2010
CLIMATE RECORD PERIOD 1902 TO 2015


WEATHER ITEM   OBSERVED TIME   RECORD YEAR NORMAL DEPARTURE LAST
                VALUE   (LST)  VALUE       VALUE  FROM      YEAR
                                                  NORMAL
..................................................................
TEMPERATURE (F)
 YESTERDAY
  MAXIMUM         85    238 PM  95    1906  81      4       87
  MINIMUM         65    215 AM  40    2013  59      6       59
  AVERAGE         75                        70      5       73

PRECIPITATION (IN)
  YESTERDAY        T             2.04 1981   0.16  -0.16     0.00
  MONTH TO DATE    T                         0.83  -0.83     0.00
  SINCE DEC 1     25.54                     20.25   5.29    13.19
  SINCE JAN 1     23.24                     15.76   7.48     9.04

SNOWFALL (IN)
  YESTERDAY        0.0
  MONTH TO DATE    0.0
  SINCE MAR 1      0.2
  SINCE JUL 1      3.1
  SNOW DEPTH       0

DEGREE DAYS
 HEATING
  YESTERDAY        0                         1     -1        0
  MONTH TO DATE    0                         5     -5       10
  SINCE MAR 1    309                       350    -41      474
  SINCE JUL 1   2282                      2254     28     2598

 COOLING
  YESTERDAY       10                         6      4        8
  MONTH TO DATE   32                        27      5       17
  SINCE MAR 1    195                       138     57      122
  SINCE JAN 1    195                       150     45      127
..................................................................


WIND (MPH)
  HIGHEST WIND SPEED    20   HIGHEST WIND DIRECTION    SE (150)
  HIGHEST GUST SPEED    28   HIGHEST GUST DIRECTION     S (160)
  AVERAGE WIND SPEED     9.6


SKY COVER
  POSSIBLE SUNSHINE  MM
  AVERAGE SKY COVER 0.6


WEATHER CONDITIONS
 THE FOLLOWING WEATHER WAS RECORDED YESTERDAY.
  LIGHT RAIN


RELATIVE HUMIDITY (PERCENT)
 HIGHEST    90           700 AM
 LOWEST     54           300 PM
 AVERAGE    72

..........................................................


THE LONGVIEW CLIMATE NORMALS FOR TODAY
                         NORMAL    RECORD    YEAR
 MAXIMUM TEMPERATURE (F)   81        94      1938
 MINIMUM TEMPERATURE (F)   60        44      1921


SUNRISE AND SUNSET
MAY  6 2015...........SUNRISE   628 AM CDT   SUNSET   803 PM CDT
MAY  7 2015...........SUNRISE   627 AM CDT   SUNSET   804 PM CDT


-  INDICATES NEGATIVE NUMBERS.
R  INDICATES RECORD WAS SET OR TIED.
MM INDICATES DATA IS MISSING.
T  INDICATES TRACE AMOUNT.




$$
