000
CDUS44 KJAN 250639
CLIGLH


CLIMATE REPORT
NATIONAL WEATHER SERVICE JACKSON MS
136 AM CDT SAT APR 25 2015


...................................

...THE GREENVILLE CLIMATE SUMMARY FOR APRIL 24 2015...

CLIMATE NORMAL PERIOD 1981 TO 2010
CLIMATE RECORD PERIOD 1920 TO 2015


WEATHER ITEM   OBSERVED TIME   RECORD YEAR NORMAL DEPARTURE LAST
                VALUE   (LST)  VALUE       VALUE  FROM      YEAR
                                                  NORMAL
..................................................................
TEMPERATURE (F)
 YESTERDAY
  MAXIMUM         67    444 PM  91    1953  77    -10       83
  MINIMUM         56   1204 AM  43    2013  55      1       56
                                      2012
                                      2005
  AVERAGE         62                        66     -4       70

PRECIPITATION (IN)
  YESTERDAY        1.57          2.65 1979   0.14   1.43     1.74
  MONTH TO DATE    3.91                      3.96  -0.05     8.39
  SINCE MAR 1      8.52                      8.51   0.01    13.90
  SINCE JAN 1     14.97                     18.50  -3.53    18.20

SNOWFALL (IN)
  YESTERDAY        0.0

DEGREE DAYS
 HEATING
  YESTERDAY        3                         2      1        0
  MONTH TO DATE   45                       107    -62      123
  SINCE MAR 1    366                       443    -77      557
  SINCE JUL 1   2853                      2752    101     3164

 COOLING
  YESTERDAY        0                         3     -3        5
  MONTH TO DATE   78                        42     36       45
  SINCE MAR 1     85                        59     26       50
  SINCE JAN 1     85                        64     21       50
..................................................................


WIND (MPH)
  HIGHEST WIND SPEED    26   HIGHEST WIND DIRECTION     N (350)
  HIGHEST GUST SPEED    36   HIGHEST GUST DIRECTION     N (340)
  AVERAGE WIND SPEED     7.8


SKY COVER
  POSSIBLE SUNSHINE  MM
  AVERAGE SKY COVER 0.7


WEATHER CONDITIONS
 THE FOLLOWING WEATHER WAS RECORDED YESTERDAY.
  THUNDERSTORM
  HEAVY RAIN
  RAIN
  LIGHT RAIN
  FOG


RELATIVE HUMIDITY (PERCENT)
 HIGHEST    93          1200 AM
 LOWEST     67           900 AM
 AVERAGE    80

..........................................................


THE GREENVILLE CLIMATE NORMALS FOR TODAY
                         NORMAL    RECORD    YEAR
 MAXIMUM TEMPERATURE (F)   77        91      1965
 MINIMUM TEMPERATURE (F)   56        37      2013


SUNRISE AND SUNSET
APRIL 25 2015.........SUNRISE   622 AM CDT   SUNSET   742 PM CDT
APRIL 26 2015.........SUNRISE   621 AM CDT   SUNSET   743 PM CDT


-  INDICATES NEGATIVE NUMBERS.
R  INDICATES RECORD WAS SET OR TIED.
MM INDICATES DATA IS MISSING.
T  INDICATES TRACE AMOUNT.




$$
