000
CDUS44 KHGX 262117
CLIGLS


CLIMATE REPORT
NATIONAL WEATHER SERVICE HOUSTON/GALVESTON TX
416 PM CDT SUN APR 26 2015


...................................

...THE GALVESTON CLIMATE SUMMARY FOR APRIL 26 2015...
VALID TODAY AS OF 400 PM LOCAL TIME.

CLIMATE NORMAL PERIOD 1981 TO 2010
CLIMATE RECORD PERIOD 1875 TO 2015


WEATHER ITEM   OBSERVED TIME   RECORD YEAR NORMAL DEPARTURE LAST
                VALUE   (LST)  VALUE       VALUE  FROM      YEAR
                                                  NORMAL
..................................................................
TEMPERATURE (F)
 TODAY
  MAXIMUM         80   1143 AM  84    2011  78      2       79
                                      1898
  MINIMUM         73   1215 AM  57    1911  67      6       71
  AVERAGE         77                        73      4       75

PRECIPITATION (IN)
  TODAY            T             2.88 1911   0.07  -0.07     0.00
  MONTH TO DATE    5.29                      2.71   2.58     0.10
  SINCE MAR 1     12.98                      5.87   7.11     1.92
  SINCE JAN 1     19.12                     12.64   6.48     4.97

SNOWFALL (IN)
  TODAY            0.0          MM      MM  MM     MM        0.0
  MONTH TO DATE    0.0                      MM     MM        0.0
  SINCE MAR 1      0.0                      MM     MM        0.0
  SINCE JUL 1      0.0                      MM     MM         T
  SNOW DEPTH       0

DEGREE DAYS
 HEATING
  TODAY            0                         0      0        0
  MONTH TO DATE    0                        16    -16       20
  SINCE MAR 1    120                       119      1      186
  SINCE JUL 1   1182                      1007    175     1425

 COOLING
  TODAY           12                         8      4       10
  MONTH TO DATE  212                       139     73      113
  SINCE MAR 1    258                       192     66      134
  SINCE JAN 1    264                       209     55      141
..................................................................


WIND (MPH)
  RESULTANT WIND SPEED   4   RESULTANT WIND DIRECTION  SE (140)
  HIGHEST WIND SPEED    15   HIGHEST WIND DIRECTION     E (90)
  HIGHEST GUST SPEED    18   HIGHEST GUST DIRECTION     E (100)
  AVERAGE WIND SPEED     6.8


SKY COVER
  AVERAGE SKY COVER 0.8


WEATHER CONDITIONS
 THE FOLLOWING WEATHER WAS RECORDED TODAY.
  LIGHT RAIN
  FOG


RELATIVE HUMIDITY (PERCENT)
 HIGHEST   100           100 AM
 LOWEST     85          1100 AM
 AVERAGE    93

..........................................................


THE GALVESTON CLIMATE NORMALS FOR TOMORROW
                         NORMAL    RECORD    YEAR
 MAXIMUM TEMPERATURE (F)   78        95      2011
 MINIMUM TEMPERATURE (F)   68        52      1920


SUNRISE AND SUNSET
APRIL 26 2015.........SUNRISE   642 AM CDT   SUNSET   753 PM CDT
APRIL 27 2015.........SUNRISE   641 AM CDT   SUNSET   753 PM CDT


-  INDICATES NEGATIVE NUMBERS.
R  INDICATES RECORD WAS SET OR TIED.
MM INDICATES DATA IS MISSING.
T  INDICATES TRACE AMOUNT.




$$
