000
CDUS42 KJAX 030532
CLIGNV


CLIMATE REPORT
NATIONAL WEATHER SERVICE JACKSONVILLE FL
131 AM EDT SUN MAY 3 2015


...................................

...THE GAINESVILLE CLIMATE SUMMARY FOR MAY 2 2015...

CLIMATE NORMAL PERIOD 1981 TO 2010
CLIMATE RECORD PERIOD 1890 TO 2015


WEATHER ITEM   OBSERVED TIME   RECORD YEAR NORMAL DEPARTURE LAST
                VALUE   (LST)  VALUE       VALUE  FROM      YEAR
                                                  NORMAL
..................................................................
TEMPERATURE (F)
 YESTERDAY
  MAXIMUM         79    441 PM  96    1990  84     -5       71
                                      1906
  MINIMUM         47    608 AM  43    1925  58    -11       59
  AVERAGE         63                        71     -8       65

PRECIPITATION (IN)
  YESTERDAY        0.00          1.52 2013   0.06  -0.06     0.58
  MONTH TO DATE    0.00                      0.12  -0.12     0.61
  SINCE MAR 1      4.39                      7.12  -2.73     8.74
  SINCE JAN 1      9.65                     13.63  -3.98    18.31

SNOWFALL (IN)
  YESTERDAY        0.0           0.0    MM   0.0    0.0      0.0
  MONTH TO DATE    0.0                       0.0    0.0      0.0
  SINCE MAR 1      0.0                       0.0    0.0      0.0
  SINCE JUL 1      0.0                       0.0    0.0      0.0
  SNOW DEPTH       0

DEGREE DAYS
 HEATING
  YESTERDAY        2                         0      2        0
  MONTH TO DATE    2                         0      2        0
  SINCE MAR 1     62                       180   -118      183
  SINCE JUL 1   1213                      1214     -1     1093

 COOLING
  YESTERDAY        0                         7     -7        0
  MONTH TO DATE    0                        14    -14       13
  SINCE MAR 1    385                       189    196      179
  SINCE JAN 1    400                       221    179      216
..................................................................


WIND (MPH)
  HIGHEST WIND SPEED    14   HIGHEST WIND DIRECTION    NE (30)
  HIGHEST GUST SPEED    21   HIGHEST GUST DIRECTION    NE (40)
  AVERAGE WIND SPEED     3.9


SKY COVER
  POSSIBLE SUNSHINE  MM
  AVERAGE SKY COVER 0.0


WEATHER CONDITIONS
 THE FOLLOWING WEATHER WAS RECORDED YESTERDAY.
  NO SIGNIFICANT WEATHER WAS OBSERVED.


RELATIVE HUMIDITY (PERCENT)
 HIGHEST    93           500 AM
 LOWEST     32           300 PM
 AVERAGE    63

..........................................................


THE GAINESVILLE CLIMATE NORMALS FOR TODAY
                         NORMAL    RECORD    YEAR
 MAXIMUM TEMPERATURE (F)   84        95      2002
                                             1938
                                             1915
 MINIMUM TEMPERATURE (F)   59        45      1925


SUNRISE AND SUNSET
MAY  3 2015...........SUNRISE   645 AM EDT   SUNSET   807 PM EDT
MAY  4 2015...........SUNRISE   644 AM EDT   SUNSET   808 PM EDT


-  INDICATES NEGATIVE NUMBERS.
R  INDICATES RECORD WAS SET OR TIED.
MM INDICATES DATA IS MISSING.
T  INDICATES TRACE AMOUNT.




$$
